134.226.32.57 - - [20/Sep/2007:07:54:29 -0700] "GET /~sczhu/icons/daught.gif HTTP/1.0" 200 1898 "http://www.stat.ucla.edu/~sczhu/" "Mozilla/5.0 (Windows; U; Windows NT 5.1; en-US; rv:1.8.1.7) Gecko/20070914 Firefox/2.0.0.7"
134.226.32.57 - - [20/Sep/2007:07:54:29 -0700] "GET /~sczhu/icons/bio.gif HTTP/1.0" 200 1681 "http://www.stat.ucla.edu/~sczhu/" "Mozilla/5.0 (Windows; U; Windows NT 5.1; en-US; rv:1.8.1.7) Gecko/20070914 Firefox/2.0.0.7"
134.226.32.57 - - [20/Sep/2007:07:54:30 -0700] "GET /~sczhu/Zhu_LA_sm.gif HTTP/1.0" 200 39313 "http://www.stat.ucla.edu/~sczhu/" "Mozilla/5.0 (Windows; U; Windows NT 5.1; en-US; rv:1.8.1.7) Gecko/20070914 Firefox/2.0.0.7"
134.226.32.57 - - [20/Sep/2007:07:54:30 -0700] "GET /favicon.ico HTTP/1.0" 200 318 "-" "Mozilla/5.0 (Windows; U; Windows NT 5.1; en-US; rv:1.8.1.7) Gecko/20070914 Firefox/2.0.0.7"
74.6.28.138 - - [20/Sep/2007:07:54:50 -0700] "GET /~nchristo/statistics100B/syllabus100b.pdf HTTP/1.0" 200 47206 "-" "Mozilla/5.0 (compatible; Yahoo! Slurp; http://help.yahoo.com/help/us/ysearch/slurp)"
164.67.132.219 - - [20/Sep/2007:07:54:55 -0700] "GET /robots.txt HTTP/1.0" 200 559 "-" "gsa-crawler%20%28gsa1%2C%20contact%3A%20jhuang%40ais.ucla.edu%29 (Enterprise; S5-J4JEBZS9PUJJA; jhuang@ais.ucla.edu)"
164.67.132.219 - - [20/Sep/2007:07:54:55 -0700] "GET /rss/feed.php?unit=uclastat HTTP/1.0" 200 1739 "-" "gsa-crawler%20%28gsa1%2C%20contact%3A%20jhuang%40ais.ucla.edu%29 (Enterprise; S5-J4JEBZS9PUJJA; jhuang@ais.ucla.edu)"
134.226.32.57 - - [20/Sep/2007:07:55:03 -0700] "GET /%7Esczhu/talks.html HTTP/1.0" 200 9489 "http://www.stat.ucla.edu/~sczhu/" "Mozilla/5.0 (Windows; U; Windows NT 5.1; en-US; rv:1.8.1.7) Gecko/20070914 Firefox/2.0.0.7"
134.226.32.57 - - [20/Sep/2007:07:55:03 -0700] "GET /%7Esczhu/icons/back2.gif HTTP/1.0" 200 17061 "http://www.stat.ucla.edu/%7Esczhu/talks.html" "Mozilla/5.0 (Windows; U; Windows NT 5.1; en-US; rv:1.8.1.7) Gecko/20070914 Firefox/2.0.0.7"
134.226.32.57 - - [20/Sep/2007:07:55:03 -0700] "GET /%7Esczhu/icons/bio.gif HTTP/1.0" 200 1681 "http://www.stat.ucla.edu/%7Esczhu/talks.html" "Mozilla/5.0 (Windows; U; Windows NT 5.1; en-US; rv:1.8.1.7) Gecko/20070914 Firefox/2.0.0.7"
134.226.32.57 - - [20/Sep/2007:07:55:03 -0700] "GET /%7Esczhu/icons/research.gif HTTP/1.0" 200 1628 "http://www.stat.ucla.edu/%7Esczhu/talks.html" "Mozilla/5.0 (Windows; U; Windows NT 5.1; en-US; rv:1.8.1.7) Gecko/20070914 Firefox/2.0.0.7"
134.226.32.57 - - [20/Sep/2007:07:55:04 -0700] "GET /%7Esczhu/icons/pub.gif HTTP/1.0" 200 1796 "http://www.stat.ucla.edu/%7Esczhu/talks.html" "Mozilla/5.0 (Windows; U; Windows NT 5.1; en-US; rv:1.8.1.7) Gecko/20070914 Firefox/2.0.0.7"
134.226.32.57 - - [20/Sep/2007:07:55:04 -0700] "GET /%7Esczhu/icons/talk.gif HTTP/1.0" 200 1343 "http://www.stat.ucla.edu/%7Esczhu/talks.html" "Mozilla/5.0 (Windows; U; Windows NT 5.1; en-US; rv:1.8.1.7) Gecko/20070914 Firefox/2.0.0.7"
134.226.32.57 - - [20/Sep/2007:07:55:04 -0700] "GET /%7Esczhu/icons/collab.gif HTTP/1.0" 200 1824 "http://www.stat.ucla.edu/%7Esczhu/talks.html" "Mozilla/5.0 (Windows; U; Windows NT 5.1; en-US; rv:1.8.1.7) Gecko/20070914 Firefox/2.0.0.7"
134.226.32.57 - - [20/Sep/2007:07:55:04 -0700] "GET /%7Esczhu/icons/daught.gif HTTP/1.0" 200 1898 "http://www.stat.ucla.edu/%7Esczhu/talks.html" "Mozilla/5.0 (Windows; U; Windows NT 5.1; en-US; rv:1.8.1.7) Gecko/20070914 Firefox/2.0.0.7"
134.226.32.57 - - [20/Sep/2007:07:55:04 -0700] "GET /%7Esczhu/icons/house1.gif HTTP/1.0" 200 241 "http://www.stat.ucla.edu/%7Esczhu/talks.html" "Mozilla/5.0 (Windows; U; Windows NT 5.1; en-US; rv:1.8.1.7) Gecko/20070914 Firefox/2.0.0.7"
134.226.32.57 - - [20/Sep/2007:07:55:04 -0700] "GET /%7Esczhu/icons/teach.gif HTTP/1.0" 200 1594 "http://www.stat.ucla.edu/%7Esczhu/talks.html" "Mozilla/5.0 (Windows; U; Windows NT 5.1; en-US; rv:1.8.1.7) Gecko/20070914 Firefox/2.0.0.7"
221.232.116.182 - - [20/Sep/2007:07:55:10 -0700] "GET /~sczhu/Lotus/ch/AcademicActivities/Participants.html HTTP/1.1" 200 33587 "http://search.cn.yahoo.com/search?ei=gbk&fr=fp-tab-web-ycn&pid=ysearch&source=yahoo_yhp_0706_search_button&p=%C2%B3%CD%B3%CE%B0%2B%BB%FA%C6%F7%C8%CB" "Mozilla/4.0 (compatible; MSIE 6.0; Windows NT 5.1; SV1)"
38.106.96.66 - - [20/Sep/2007:07:55:11 -0700] "GET /~frederic/photos/photos11.25.01/ HTTP/1.1" 200 2588 "-" "-"
221.232.116.182 - - [20/Sep/2007:07:55:11 -0700] "GET /~sczhu/Lotus/ch/CSS/LHI_EnVersion.css HTTP/1.1" 200 2924 "http://www.stat.ucla.edu/~sczhu/Lotus/ch/AcademicActivities/Participants.html" "Mozilla/4.0 (compatible; MSIE 6.0; Windows NT 5.1; SV1)"
221.232.116.182 - - [20/Sep/2007:07:55:11 -0700] "GET /~sczhu/Lotus/ch/CSS/LHI_ChVersion.css HTTP/1.1" 200 2599 "http://www.stat.ucla.edu/~sczhu/Lotus/ch/AcademicActivities/Participants.html" "Mozilla/4.0 (compatible; MSIE 6.0; Windows NT 5.1; SV1)"
134.226.32.57 - - [20/Sep/2007:07:55:11 -0700] "GET /%7Esczhu/collaborators.html HTTP/1.0" 200 6648 "http://www.stat.ucla.edu/%7Esczhu/talks.html" "Mozilla/5.0 (Windows; U; Windows NT 5.1; en-US; rv:1.8.1.7) Gecko/20070914 Firefox/2.0.0.7"
221.232.116.182 - - [20/Sep/2007:07:55:11 -0700] "GET /~sczhu/Lotus/images/watermark-w2.gif HTTP/1.1" 200 3979 "http://www.stat.ucla.edu/~sczhu/Lotus/ch/AcademicActivities/Participants.html" "Mozilla/4.0 (compatible; MSIE 6.0; Windows NT 5.1; SV1)"
134.226.32.57 - - [20/Sep/2007:07:55:11 -0700] "GET /%7Esczhu/icons/BACK2.GIF HTTP/1.0" 200 17061 "http://www.stat.ucla.edu/%7Esczhu/collaborators.html" "Mozilla/5.0 (Windows; U; Windows NT 5.1; en-US; rv:1.8.1.7) Gecko/20070914 Firefox/2.0.0.7"
134.226.32.57 - - [20/Sep/2007:07:55:12 -0700] "GET /%7Esczhu/Vision_photo/zhu_mumford.gif HTTP/1.0" 200 63732 "http://www.stat.ucla.edu/%7Esczhu/collaborators.html" "Mozilla/5.0 (Windows; U; Windows NT 5.1; en-US; rv:1.8.1.7) Gecko/20070914 Firefox/2.0.0.7"
134.226.32.57 - - [20/Sep/2007:07:55:12 -0700] "GET /%7Esczhu/Vision_photo/shum_etc.gif HTTP/1.0" 200 97017 "http://www.stat.ucla.edu/%7Esczhu/collaborators.html" "Mozilla/5.0 (Windows; U; Windows NT 5.1; en-US; rv:1.8.1.7) Gecko/20070914 Firefox/2.0.0.7"
202.160.180.71 - - [20/Sep/2007:07:55:12 -0700] "GET /~lzhu/jenny/ant.htm HTTP/1.0" 404 1609 "-" "Mozilla/5.0 (compatible; Yahoo! Slurp China; http://misc.yahoo.com.cn/help.html)"
164.67.132.219 - - [20/Sep/2007:07:55:12 -0700] "GET /departments/show.php?loc=colombia HTTP/1.0" 200 922 "-" "gsa-crawler%20%28gsa1%2C%20contact%3A%20jhuang%40ais.ucla.edu%29 (Enterprise; S5-J4JEBZS9PUJJA; jhuang@ais.ucla.edu)"
134.226.32.57 - - [20/Sep/2007:07:55:12 -0700] "GET /%7Esczhu/Vision_photo/newport.gif HTTP/1.0" 200 136959 "http://www.stat.ucla.edu/%7Esczhu/collaborators.html" "Mozilla/5.0 (Windows; U; Windows NT 5.1; en-US; rv:1.8.1.7) Gecko/20070914 Firefox/2.0.0.7"
134.226.32.57 - - [20/Sep/2007:07:55:12 -0700] "GET /%7Esczhu/Vision_photo/zhu_wu_venice.jpg HTTP/1.0" 200 200785 "http://www.stat.ucla.edu/%7Esczhu/collaborators.html" "Mozilla/5.0 (Windows; U; Windows NT 5.1; en-US; rv:1.8.1.7) Gecko/20070914 Firefox/2.0.0.7"
134.226.32.57 - - [20/Sep/2007:07:55:13 -0700] "GET /%7Esczhu/Zhu_photo/with_TGW.jpg HTTP/1.0" 200 36523 "http://www.stat.ucla.edu/%7Esczhu/collaborators.html" "Mozilla/5.0 (Windows; U; Windows NT 5.1; en-US; rv:1.8.1.7) Gecko/20070914 Firefox/2.0.0.7"
134.226.32.57 - - [20/Sep/2007:07:55:13 -0700] "GET /%7Esczhu/Vision_photo/harvard_vision_group.jpg HTTP/1.0" 200 70512 "http://www.stat.ucla.edu/%7Esczhu/collaborators.html" "Mozilla/5.0 (Windows; U; Windows NT 5.1; en-US; rv:1.8.1.7) Gecko/20070914 Firefox/2.0.0.7"
65.55.233.40 - - [20/Sep/2007:07:55:13 -0700] "GET /robots.txt HTTP/1.0" 200 559 "-" "msnbot/1.0 (+http://search.msn.com/msnbot.htm)"
65.55.233.40 - - [20/Sep/2007:07:55:13 -0700] "GET /~coen HTTP/1.0" 301 309 "-" "msnbot/1.0 (+http://search.msn.com/msnbot.htm)"
74.6.23.164 - - [20/Sep/2007:07:55:14 -0700] "GET /~hqxu/stat110A/solution6.pdf HTTP/1.0" 404 1609 "-" "Mozilla/5.0 (compatible; Yahoo! Slurp; http://help.yahoo.com/help/us/ysearch/slurp)"
202.160.180.91 - - [20/Sep/2007:07:55:30 -0700] "GET /~sczhu/Lotus/ch/AcademicActivities/2006Participants.html HTTP/1.0" 200 30624 "-" "Mozilla/5.0 (compatible; Yahoo! Slurp China; http://misc.yahoo.com.cn/help.html)"
74.6.20.126 - - [20/Sep/2007:07:55:31 -0700] "GET /~erickson/m254/ HTTP/1.0" 304 - "-" "Mozilla/5.0 (compatible; Yahoo! Slurp; http://help.yahoo.com/help/us/ysearch/slurp)"
128.211.171.120 - - [20/Sep/2007:07:55:40 -0700] "GET /~dinov/WhyStudyStatisticsBrochure/StatisticsMotivationGoals.html HTTP/1.1" 200 12589 "http://images.google.com/imgres?imgurl=http://www.loni.ucla.edu/~dinov/images.dir/Brain_Logo.gif&imgrefurl=http://www.stat.ucla.edu/~dinov/WhyStudyStatisticsBrochure/StatisticsMotivationGoals.html&h=486&w=720&sz=78&hl=en&start=19&sig2=HyiuC9VsilgYEfEpy2RCvg&um=1&tbnid=Sa5wyhPnmXWw9M:&tbnh=95&tbnw=140&ei=34nyRozXC4XshwLNkYWfDQ&prev=/images%3Fq%3DHuman%2Bbrain%26start%3D18%26ndsp%3D18%26svnum%3D10%26um%3D1%26hl%3Den%26client%3Dfirefox-a%26rls%3Dorg.mozilla:en-US:official%26hs%3Djzh%26sa%3DN" "Mozilla/5.0 (Windows; U; Windows NT 5.1; en-US; rv:1.8.1.7) Gecko/20070914 Firefox/2.0.0.7"
128.211.171.120 - - [20/Sep/2007:07:55:40 -0700] "GET /%7Edinov/images.dir/BackgroundHeader3.jpg HTTP/1.1" 200 11964 "http://www.stat.ucla.edu/~dinov/WhyStudyStatisticsBrochure/StatisticsMotivationGoals.html" "Mozilla/5.0 (Windows; U; Windows NT 5.1; en-US; rv:1.8.1.7) Gecko/20070914 Firefox/2.0.0.7"
128.211.171.120 - - [20/Sep/2007:07:55:40 -0700] "GET /~dinov/WhyStudyStatisticsBrochure/NuclearPlant.gif HTTP/1.1" 200 33791 "http://www.stat.ucla.edu/~dinov/WhyStudyStatisticsBrochure/StatisticsMotivationGoals.html" "Mozilla/5.0 (Windows; U; Windows NT 5.1; en-US; rv:1.8.1.7) Gecko/20070914 Firefox/2.0.0.7"
128.211.171.120 - - [20/Sep/2007:07:55:40 -0700] "GET /~dinov/WhyStudyStatisticsBrochure/Polution.jpg HTTP/1.1" 200 5125 "http://www.stat.ucla.edu/~dinov/WhyStudyStatisticsBrochure/StatisticsMotivationGoals.html" "Mozilla/5.0 (Windows; U; Windows NT 5.1; en-US; rv:1.8.1.7) Gecko/20070914 Firefox/2.0.0.7"
128.211.171.120 - - [20/Sep/2007:07:55:40 -0700] "GET /~dinov/WhyStudyStatisticsBrochure/Drugs.jpg HTTP/1.1" 200 8446 "http://www.stat.ucla.edu/~dinov/WhyStudyStatisticsBrochure/StatisticsMotivationGoals.html" "Mozilla/5.0 (Windows; U; Windows NT 5.1; en-US; rv:1.8.1.7) Gecko/20070914 Firefox/2.0.0.7"
128.211.171.120 - - [20/Sep/2007:07:55:41 -0700] "GET /~dinov/WhyStudyStatisticsBrochure/LaborStats.gif HTTP/1.1" 200 9521 "http://www.stat.ucla.edu/~dinov/WhyStudyStatisticsBrochure/StatisticsMotivationGoals.html" "Mozilla/5.0 (Windows; U; Windows NT 5.1; en-US; rv:1.8.1.7) Gecko/20070914 Firefox/2.0.0.7"
128.211.171.120 - - [20/Sep/2007:07:55:41 -0700] "GET /~dinov/WhyStudyStatisticsBrochure/InternetTraffic.gif HTTP/1.1" 200 10874 "http://www.stat.ucla.edu/~dinov/WhyStudyStatisticsBrochure/StatisticsMotivationGoals.html" "Mozilla/5.0 (Windows; U; Windows NT 5.1; en-US; rv:1.8.1.7) Gecko/20070914 Firefox/2.0.0.7"
128.211.171.120 - - [20/Sep/2007:07:55:41 -0700] "GET /~dinov/WhyStudyStatisticsBrochure/ConsumerDemand.jpg HTTP/1.1" 200 18883 "http://www.stat.ucla.edu/~dinov/WhyStudyStatisticsBrochure/StatisticsMotivationGoals.html" "Mozilla/5.0 (Windows; U; Windows NT 5.1; en-US; rv:1.8.1.7) Gecko/20070914 Firefox/2.0.0.7"
128.211.171.120 - - [20/Sep/2007:07:55:41 -0700] "GET /~dinov/WhyStudyStatisticsBrochure/AgricultureCheese.gif HTTP/1.1" 200 5838 "http://www.stat.ucla.edu/~dinov/WhyStudyStatisticsBrochure/StatisticsMotivationGoals.html" "Mozilla/5.0 (Windows; U; Windows NT 5.1; en-US; rv:1.8.1.7) Gecko/20070914 Firefox/2.0.0.7"
128.211.171.120 - - [20/Sep/2007:07:55:41 -0700] "GET /~dinov/Dinov_Email.gif HTTP/1.1" 200 804 "http://www.stat.ucla.edu/~dinov/WhyStudyStatisticsBrochure/StatisticsMotivationGoals.html" "Mozilla/5.0 (Windows; U; Windows NT 5.1; en-US; rv:1.8.1.7) Gecko/20070914 Firefox/2.0.0.7"
74.6.25.206 - - [20/Sep/2007:07:55:42 -0700] "GET /~nyau HTTP/1.0" 301 309 "-" "Mozilla/5.0 (compatible; Yahoo! Slurp; http://help.yahoo.com/help/us/ysearch/slurp)"
74.6.25.206 - - [20/Sep/2007:07:55:42 -0700] "GET /~nyau/ HTTP/1.0" 200 4125 "-" "Mozilla/5.0 (compatible; Yahoo! Slurp; http://help.yahoo.com/help/us/ysearch/slurp)"
74.6.20.75 - - [20/Sep/2007:07:55:44 -0700] "GET /~dinov/courses_students.dir/Winter2002/STAT10.dir/STAT10_Winter02/Prelims_Ch01_files/slide0624.htm HTTP/1.0" 304 - "-" "Mozilla/5.0 (compatible; Yahoo! Slurp; http://help.yahoo.com/help/us/ysearch/slurp)"
60.32.219.68 - - [20/Sep/2007:07:55:48 -0700] "POST /forums/post.php HTTP/1.1" 403 299 "http://www.stat.ucla.edu/forums/read.php?f=325&i=926&t=626" "Mozilla/4.0 (compatible; MSIE 5.5; Windows NT)"
164.67.229.77 - - [20/Sep/2007:07:55:52 -0700] "GET /~frederic/qual2007/ HTTP/1.1" 304 - "-" "Mozilla/5.0 (Windows; U; Windows NT 5.1; en-US; rv:1.8.1.6) Gecko/20070725 Firefox/2.0.0.6"
164.67.229.77 - - [20/Sep/2007:07:55:54 -0700] "GET /~frederic/qual2007/data HTTP/1.1" 301 339 "http://www.stat.ucla.edu/~frederic/qual2007/" "Mozilla/5.0 (Windows; U; Windows NT 5.1; en-US; rv:1.8.1.6) Gecko/20070725 Firefox/2.0.0.6"
164.67.229.77 - - [20/Sep/2007:07:55:54 -0700] "GET /~frederic/qual2007/data/ HTTP/1.1" 200 1076 "http://www.stat.ucla.edu/~frederic/qual2007/" "Mozilla/5.0 (Windows; U; Windows NT 5.1; en-US; rv:1.8.1.6) Gecko/20070725 Firefox/2.0.0.6"
164.67.229.77 - - [20/Sep/2007:07:55:54 -0700] "GET /icons/blank.gif HTTP/1.1" 304 - "http://www.stat.ucla.edu/~frederic/qual2007/data/" "Mozilla/5.0 (Windows; U; Windows NT 5.1; en-US; rv:1.8.1.6) Gecko/20070725 Firefox/2.0.0.6"
164.67.229.77 - - [20/Sep/2007:07:55:54 -0700] "GET /icons/text.gif HTTP/1.1" 304 - "http://www.stat.ucla.edu/~frederic/qual2007/data/" "Mozilla/5.0 (Windows; U; Windows NT 5.1; en-US; rv:1.8.1.6) Gecko/20070725 Firefox/2.0.0.6"
164.67.229.77 - - [20/Sep/2007:07:55:54 -0700] "GET /icons/back.gif HTTP/1.1" 304 - "http://www.stat.ucla.edu/~frederic/qual2007/data/" "Mozilla/5.0 (Windows; U; Windows NT 5.1; en-US; rv:1.8.1.6) Gecko/20070725 Firefox/2.0.0.6"
196.207.248.17 - - [20/Sep/2007:07:55:57 -0700] "GET / HTTP/1.1" 200 17652 "-" "Mozilla/4.0 (compatible; MSIE 5.01; Windows NT 5.0)"
134.226.32.57 - - [20/Sep/2007:07:55:59 -0700] "GET /%7Esczhu/daughters.html HTTP/1.0" 200 2817 "http://www.stat.ucla.edu/%7Esczhu/collaborators.html" "Mozilla/5.0 (Windows; U; Windows NT 5.1; en-US; rv:1.8.1.7) Gecko/20070914 Firefox/2.0.0.7"
134.226.32.57 - - [20/Sep/2007:07:56:00 -0700] "GET /%7Esczhu/icons/baby_bg.jpg HTTP/1.0" 200 7534 "http://www.stat.ucla.edu/%7Esczhu/daughters.html" "Mozilla/5.0 (Windows; U; Windows NT 5.1; en-US; rv:1.8.1.7) Gecko/20070914 Firefox/2.0.0.7"
134.226.32.57 - - [20/Sep/2007:07:56:00 -0700] "GET /%7Esczhu/icons/f2.gif HTTP/1.0" 200 315 "http://www.stat.ucla.edu/%7Esczhu/daughters.html" "Mozilla/5.0 (Windows; U; Windows NT 5.1; en-US; rv:1.8.1.7) Gecko/20070914 Firefox/2.0.0.7"
134.226.32.57 - - [20/Sep/2007:07:56:00 -0700] "GET /%7Esczhu/Daughters/FB.jpg HTTP/1.0" 200 34604 "http://www.stat.ucla.edu/%7Esczhu/daughters.html" "Mozilla/5.0 (Windows; U; Windows NT 5.1; en-US; rv:1.8.1.7) Gecko/20070914 Firefox/2.0.0.7"
134.226.32.57 - - [20/Sep/2007:07:56:00 -0700] "GET /%7Esczhu/icons/f.gif HTTP/1.0" 200 351 "http://www.stat.ucla.edu/%7Esczhu/daughters.html" "Mozilla/5.0 (Windows; U; Windows NT 5.1; en-US; rv:1.8.1.7) Gecko/20070914 Firefox/2.0.0.7"
221.232.116.182 - - [20/Sep/2007:07:56:01 -0700] "GET /~sczhu/Lotus/ch/AcademicActivities/2005course.html HTTP/1.1" 200 9844 "http://www.stat.ucla.edu/~sczhu/Lotus/ch/AcademicActivities/Participants.html" "Mozilla/4.0 (compatible; MSIE 6.0; Windows NT 5.1; SV1)"
134.226.32.57 - - [20/Sep/2007:07:56:02 -0700] "GET /%7Esczhu/Daughters/FB2007_1.JPG HTTP/1.0" 200 276494 "http://www.stat.ucla.edu/%7Esczhu/daughters.html" "Mozilla/5.0 (Windows; U; Windows NT 5.1; en-US; rv:1.8.1.7) Gecko/20070914 Firefox/2.0.0.7"
221.232.116.182 - - [20/Sep/2007:07:56:02 -0700] "GET /~sczhu/Lotus/images/AcademicActivities/course_shen.jpg HTTP/1.1" 200 21430 "http://www.stat.ucla.edu/~sczhu/Lotus/ch/AcademicActivities/2005course.html" "Mozilla/4.0 (compatible; MSIE 6.0; Windows NT 5.1; SV1)"
221.232.116.182 - - [20/Sep/2007:07:56:02 -0700] "GET /~sczhu/Lotus/images/AcademicActivities/course_zhu.jpg HTTP/1.1" 200 26231 "http://www.stat.ucla.edu/~sczhu/Lotus/ch/AcademicActivities/2005course.html" "Mozilla/4.0 (compatible; MSIE 6.0; Windows NT 5.1; SV1)"
221.232.116.182 - - [20/Sep/2007:07:56:03 -0700] "GET /~sczhu/Lotus/images/AcademicActivities/course_li.jpg HTTP/1.1" 200 47466 "http://www.stat.ucla.edu/~sczhu/Lotus/ch/AcademicActivities/2005course.html" "Mozilla/4.0 (compatible; MSIE 6.0; Windows NT 5.1; SV1)"
221.232.116.182 - - [20/Sep/2007:07:56:03 -0700] "GET /~sczhu/Lotus/images/AcademicActivities/workshop_ZhangChangShui.jpg HTTP/1.1" 200 38879 "http://www.stat.ucla.edu/~sczhu/Lotus/ch/AcademicActivities/2005course.html" "Mozilla/4.0 (compatible; MSIE 6.0; Windows NT 5.1; SV1)"
221.232.116.182 - - [20/Sep/2007:07:56:07 -0700] "GET /~sczhu/Lotus/images/AcademicActivities/course_quan.gif HTTP/1.1" 200 57172 "http://www.stat.ucla.edu/~sczhu/Lotus/ch/AcademicActivities/2005course.html" "Mozilla/4.0 (compatible; MSIE 6.0; Windows NT 5.1; SV1)"
164.67.229.128 - - [20/Sep/2007:07:56:08 -0700] "GET / HTTP/1.1" 200 17489 "-" "Mozilla/5.0 (Windows; U; Windows NT 5.1; en-US; rv:1.8.1.7) Gecko/20070914 Firefox/2.0.0.7"
164.67.229.128 - - [20/Sep/2007:07:56:08 -0700] "GET /index.css HTTP/1.1" 200 5869 "-" "Mozilla/5.0 (Windows; U; Windows NT 5.1; en-US; rv:1.8.1.7) Gecko/20070914 Firefox/2.0.0.7"
164.67.229.128 - - [20/Sep/2007:07:56:08 -0700] "GET /css/uclastat/site.css HTTP/1.1" 200 4822 "-" "Mozilla/5.0 (Windows; U; Windows NT 5.1; en-US; rv:1.8.1.7) Gecko/20070914 Firefox/2.0.0.7"
164.67.229.128 - - [20/Sep/2007:07:56:08 -0700] "GET /graphics/rss20.gif HTTP/1.1" 200 219 "-" "Mozilla/5.0 (Windows; U; Windows NT 5.1; en-US; rv:1.8.1.7) Gecko/20070914 Firefox/2.0.0.7"
74.6.26.103 - - [20/Sep/2007:07:56:09 -0700] "GET /~sczhu/papers/ECCV02/?D=A HTTP/1.0" 200 1196 "-" "Mozilla/5.0 (compatible; Yahoo! Slurp; http://help.yahoo.com/help/us/ysearch/slurp)"
221.232.116.182 - - [20/Sep/2007:07:56:09 -0700] "GET /~sczhu/Lotus/images/AcademicActivities/blackboard-sm.gif HTTP/1.1" 200 50915 "http://www.stat.ucla.edu/~sczhu/Lotus/ch/AcademicActivities/2005course.html" "Mozilla/4.0 (compatible; MSIE 6.0; Windows NT 5.1; SV1)"
221.232.116.182 - - [20/Sep/2007:07:56:13 -0700] "GET /~sczhu/Lotus/ch/CSS/LHI_ChVersion.css HTTP/1.1" 304 - "http://www.stat.ucla.edu/~sczhu/Lotus/ch/AcademicActivities/2005course.html" "Mozilla/4.0 (compatible; MSIE 6.0; Windows NT 5.1; SV1)"
221.232.116.182 - - [20/Sep/2007:07:56:13 -0700] "GET /~sczhu/Lotus/ch/CSS/LHI_EnVersion.css HTTP/1.1" 304 - "http://www.stat.ucla.edu/~sczhu/Lotus/ch/AcademicActivities/2005course.html" "Mozilla/4.0 (compatible; MSIE 6.0; Windows NT 5.1; SV1)"
134.226.32.57 - - [20/Sep/2007:07:56:14 -0700] "GET /%7Esczhu/Daughters/Stephanie/F2007.html HTTP/1.0" 200 1424 "http://www.stat.ucla.edu/%7Esczhu/daughters.html" "Mozilla/5.0 (Windows; U; Windows NT 5.1; en-US; rv:1.8.1.7) Gecko/20070914 Firefox/2.0.0.7"
134.226.32.57 - - [20/Sep/2007:07:56:15 -0700] "GET /%7Esczhu/Daughters/Stephanie/F2007_2.jpg HTTP/1.0" 200 114563 "http://www.stat.ucla.edu/%7Esczhu/Daughters/Stephanie/F2007.html" "Mozilla/5.0 (Windows; U; Windows NT 5.1; en-US; rv:1.8.1.7) Gecko/20070914 Firefox/2.0.0.7"
134.226.32.57 - - [20/Sep/2007:07:56:15 -0700] "GET /%7Esczhu/Daughters/Stephanie/F2005/F3.jpg HTTP/1.0" 200 63927 "http://www.stat.ucla.edu/%7Esczhu/Daughters/Stephanie/F2007.html" "Mozilla/5.0 (Windows; U; Windows NT 5.1; en-US; rv:1.8.1.7) Gecko/20070914 Firefox/2.0.0.7"
134.226.32.57 - - [20/Sep/2007:07:56:16 -0700] "GET /%7Esczhu/Daughters/Stephanie/F2007_3.jpg HTTP/1.0" 200 218450 "http://www.stat.ucla.edu/%7Esczhu/Daughters/Stephanie/F2007.html" "Mozilla/5.0 (Windows; U; Windows NT 5.1; en-US; rv:1.8.1.7) Gecko/20070914 Firefox/2.0.0.7"
134.226.32.57 - - [20/Sep/2007:07:56:16 -0700] "GET /%7Esczhu/Daughters/Stephanie/F2007_1.jpg HTTP/1.0" 200 292096 "http://www.stat.ucla.edu/%7Esczhu/Daughters/Stephanie/F2007.html" "Mozilla/5.0 (Windows; U; Windows NT 5.1; en-US; rv:1.8.1.7) Gecko/20070914 Firefox/2.0.0.7"
221.232.116.182 - - [20/Sep/2007:07:56:16 -0700] "GET /~sczhu/Lotus/images/AcademicActivities/all.jpg HTTP/1.1" 200 134755 "http://www.stat.ucla.edu/~sczhu/Lotus/ch/AcademicActivities/2005course.html" "Mozilla/4.0 (compatible; MSIE 6.0; Windows NT 5.1; SV1)"
134.226.32.57 - - [20/Sep/2007:07:56:16 -0700] "GET /%7Esczhu/Daughters/Stephanie/F2007_4.jpg HTTP/1.0" 200 284840 "http://www.stat.ucla.edu/%7Esczhu/Daughters/Stephanie/F2007.html" "Mozilla/5.0 (Windows; U; Windows NT 5.1; en-US; rv:1.8.1.7) Gecko/20070914 Firefox/2.0.0.7"
134.226.32.57 - - [20/Sep/2007:07:56:17 -0700] "GET /%7Esczhu/Daughters/Stephanie/FB2007_2.jpg HTTP/1.0" 200 230413 "http://www.stat.ucla.edu/%7Esczhu/Daughters/Stephanie/F2007.html" "Mozilla/5.0 (Windows; U; Windows NT 5.1; en-US; rv:1.8.1.7) Gecko/20070914 Firefox/2.0.0.7"
74.6.24.35 - - [20/Sep/2007:07:56:24 -0700] "GET /~jasonl/cftp/CFTP.html HTTP/1.0" 200 839 "-" "Mozilla/5.0 (compatible; Yahoo! Slurp; http://help.yahoo.com/help/us/ysearch/slurp)"
207.46.92.17 - - [20/Sep/2007:07:56:26 -0700] "GET /favicon.ico HTTP/1.1" 200 318 "-" "Mozilla/4.0 (compatible; GoogleToolbar 4.0.1602.1060-big; Windows 6.0; MSIE 7.0.6000.16512)"
134.226.32.57 - - [20/Sep/2007:07:56:33 -0700] "GET /%7Esczhu/bio.html HTTP/1.0" 200 10108 "http://www.stat.ucla.edu/%7Esczhu/collaborators.html" "Mozilla/5.0 (Windows; U; Windows NT 5.1; en-US; rv:1.8.1.7) Gecko/20070914 Firefox/2.0.0.7"
134.226.32.57 - - [20/Sep/2007:07:56:33 -0700] "GET /%7Esczhu/icons/USTC.gif HTTP/1.0" 200 5268 "http://www.stat.ucla.edu/%7Esczhu/bio.html" "Mozilla/5.0 (Windows; U; Windows NT 5.1; en-US; rv:1.8.1.7) Gecko/20070914 Firefox/2.0.0.7"
134.226.32.57 - - [20/Sep/2007:07:56:33 -0700] "GET /%7Esczhu/icons/harvard_logo.gif HTTP/1.0" 200 5513 "http://www.stat.ucla.edu/%7Esczhu/bio.html" "Mozilla/5.0 (Windows; U; Windows NT 5.1; en-US; rv:1.8.1.7) Gecko/20070914 Firefox/2.0.0.7"
134.226.32.57 - - [20/Sep/2007:07:56:33 -0700] "GET /%7Esczhu/icons/brown_shield.gif HTTP/1.0" 200 2623 "http://www.stat.ucla.edu/%7Esczhu/bio.html" "Mozilla/5.0 (Windows; U; Windows NT 5.1; en-US; rv:1.8.1.7) Gecko/20070914 Firefox/2.0.0.7"
134.226.32.57 - - [20/Sep/2007:07:56:33 -0700] "GET /%7Esczhu/icons/ucla_logo.gif HTTP/1.0" 200 3060 "http://www.stat.ucla.edu/%7Esczhu/bio.html" "Mozilla/5.0 (Windows; U; Windows NT 5.1; en-US; rv:1.8.1.7) Gecko/20070914 Firefox/2.0.0.7"
134.226.32.57 - - [20/Sep/2007:07:56:33 -0700] "GET /%7Esczhu/icons/stanford.gif HTTP/1.0" 200 1768 "http://www.stat.ucla.edu/%7Esczhu/bio.html" "Mozilla/5.0 (Windows; U; Windows NT 5.1; en-US; rv:1.8.1.7) Gecko/20070914 Firefox/2.0.0.7"
129.2.166.25 - - [20/Sep/2007:07:56:37 -0700] "GET /~sczhu/ HTTP/1.1" 200 8341 "http://www.google.com/search?hl=en&client=firefox-a&rls=org.mozilla:en-US:official&hs=4f2&sa=X&oi=spell&resnum=0&ct=result&cd=1&q=Song-Chun+Zhu&spell=1" "Mozilla/5.0 (Macintosh; U; PPC Mac OS X Mach-O; en-US; rv:1.8.1.6) Gecko/20070725 Firefox/2.0.0.6"
75.35.236.243 - - [20/Sep/2007:07:56:37 -0700] "GET /~rgould/120bs06/podcast/podcast.xml HTTP/1.1" 200 4168 "-" "iTunes/7.4.1 (Windows; N)"
164.67.132.220 - - [20/Sep/2007:07:56:40 -0700] "GET /robots.txt HTTP/1.0" 200 559 "-" "gsa-crawler (Enterprise; S5-GAAQFZSZNSNAS; jhuang@ais.ucla.edu)"
129.2.166.25 - - [20/Sep/2007:07:56:40 -0700] "GET /~sczhu/icons/back3.gif HTTP/1.1" 200 7522 "http://www.stat.ucla.edu/~sczhu/" "Mozilla/5.0 (Macintosh; U; PPC Mac OS X Mach-O; en-US; rv:1.8.1.6) Gecko/20070725 Firefox/2.0.0.6"
129.2.166.25 - - [20/Sep/2007:07:56:40 -0700] "GET /~sczhu/icons/bio.gif HTTP/1.1" 200 1681 "http://www.stat.ucla.edu/~sczhu/" "Mozilla/5.0 (Macintosh; U; PPC Mac OS X Mach-O; en-US; rv:1.8.1.6) Gecko/20070725 Firefox/2.0.0.6"
129.2.166.25 - - [20/Sep/2007:07:56:40 -0700] "GET /~sczhu/icons/research.gif HTTP/1.1" 200 1628 "http://www.stat.ucla.edu/~sczhu/" "Mozilla/5.0 (Macintosh; U; PPC Mac OS X Mach-O; en-US; rv:1.8.1.6) Gecko/20070725 Firefox/2.0.0.6"
129.2.166.25 - - [20/Sep/2007:07:56:40 -0700] "GET /~sczhu/icons/pub.gif HTTP/1.1" 200 1796 "http://www.stat.ucla.edu/~sczhu/" "Mozilla/5.0 (Macintosh; U; PPC Mac OS X Mach-O; en-US; rv:1.8.1.6) Gecko/20070725 Firefox/2.0.0.6"
129.2.166.25 - - [20/Sep/2007:07:56:40 -0700] "GET /~sczhu/icons/talk.gif HTTP/1.1" 200 1343 "http://www.stat.ucla.edu/~sczhu/" "Mozilla/5.0 (Macintosh; U; PPC Mac OS X Mach-O; en-US; rv:1.8.1.6) Gecko/20070725 Firefox/2.0.0.6"
129.2.166.25 - - [20/Sep/2007:07:56:40 -0700] "GET /~sczhu/icons/collab.gif HTTP/1.1" 200 1824 "http://www.stat.ucla.edu/~sczhu/" "Mozilla/5.0 (Macintosh; U; PPC Mac OS X Mach-O; en-US; rv:1.8.1.6) Gecko/20070725 Firefox/2.0.0.6"
129.2.166.25 - - [20/Sep/2007:07:56:40 -0700] "GET /~sczhu/icons/teach.gif HTTP/1.1" 200 1594 "http://www.stat.ucla.edu/~sczhu/" "Mozilla/5.0 (Macintosh; U; PPC Mac OS X Mach-O; en-US; rv:1.8.1.6) Gecko/20070725 Firefox/2.0.0.6"
164.67.132.220 - - [20/Sep/2007:07:56:40 -0700] "GET /centers/scc/tutor.php HTTP/1.0" 200 7151 "-" "gsa-crawler (Enterprise; S5-GAAQFZSZNSNAS; jhuang@ais.ucla.edu)"
129.2.166.25 - - [20/Sep/2007:07:56:40 -0700] "GET /~sczhu/icons/daught.gif HTTP/1.1" 200 1898 "http://www.stat.ucla.edu/~sczhu/" "Mozilla/5.0 (Macintosh; U; PPC Mac OS X Mach-O; en-US; rv:1.8.1.6) Gecko/20070725 Firefox/2.0.0.6"
129.2.166.25 - - [20/Sep/2007:07:56:40 -0700] "GET /~sczhu/Zhu_LA_sm.gif HTTP/1.1" 200 39313 "http://www.stat.ucla.edu/~sczhu/" "Mozilla/5.0 (Macintosh; U; PPC Mac OS X Mach-O; en-US; rv:1.8.1.6) Gecko/20070725 Firefox/2.0.0.6"
221.232.116.182 - - [20/Sep/2007:07:56:48 -0700] "GET /~sczhu/Lotus/images/AcademicActivities/all.jpg HTTP/1.1" 200 134755 "-" "Mozilla/4.0 (compatible; MSIE 6.0; Windows NT 5.1; SV1)"
209.216.63.52 - - [20/Sep/2007:07:56:54 -0700] "GET /rss/feed.php?unit=cts HTTP/1.1" 200 2705 "-" "RSSMicro.com RSS/Atom Feed Robot"
164.67.132.220 - - [20/Sep/2007:07:57:00 -0700] "GET /rss/feed.php?unit=uclastat HTTP/1.0" 200 1739 "-" "gsa-crawler (Enterprise; S5-GAAQFZSZNSNAS; jhuang@ais.ucla.edu)"
74.6.20.199 - - [20/Sep/2007:07:57:01 -0700] "GET /cgi-bin/man-cgi?cat+1 HTTP/1.0" 200 2625 "-" "Mozilla/5.0 (compatible; Yahoo! Slurp; http://help.yahoo.com/help/us/ysearch/slurp)"
74.6.24.171 - - [20/Sep/2007:07:57:16 -0700] "GET /~zjxu/gallery.htm HTTP/1.0" 404 1609 "-" "Mozilla/5.0 (compatible; Yahoo! Slurp; http://help.yahoo.com/help/us/ysearch/slurp)"
164.67.132.220 - - [20/Sep/2007:07:57:19 -0700] "GET /administration/index_body.php HTTP/1.0" 200 4716 "-" "gsa-crawler (Enterprise; S5-GAAQFZSZNSNAS; jhuang@ais.ucla.edu)"
134.226.32.57 - - [20/Sep/2007:07:57:24 -0700] "GET /%7Esczhu/publication.html HTTP/1.0" 200 17001 "http://www.stat.ucla.edu/%7Esczhu/bio.html" "Mozilla/5.0 (Windows; U; Windows NT 5.1; en-US; rv:1.8.1.7) Gecko/20070914 Firefox/2.0.0.7"
84.60.108.143 - - [20/Sep/2007:07:57:31 -0700] "GET /history/napoleon.gif HTTP/1.1" 200 54947 "http://images.google.de/imgres?imgurl=http://www.stat.ucla.edu/history/napoleon.gif&imgrefurl=http://vasarely.wiwi.hu-berlin.de/Home/lehre/SS01/erste-sitzung.html&h=997&w=609&sz=54&tbnid=Q1v6iQniyJd7pM:&tbnh=149&tbnw=91&hl=de&prev=/images%3Fq%3Dnapoleon%252Brussland%26start%3D18%26gbv%3D2%26ndsp%3D18%26svnum%3D10%26hl%3Dde%26sa%3DN&frame=small" "Mozilla/5.0 (Windows; U; Windows NT 5.1; de; rv:1.8.1.7) Gecko/20070914 Firefox/2.0.0.7"
209.85.88.150 - - [20/Sep/2007:07:57:41 -0700] "GET /~frederic/papers/hg.html HTTP/1.0" 200 17457 "-" "HealthCareCrawl/0.7.2 (HealthCare Search Bot; http://www.healthcare.com/; nutch-agent@lucene.apache.org)"
164.67.132.220 - - [20/Sep/2007:07:57:43 -0700] "GET /research/gpa/splusfunctions.net HTTP/1.0" 304 - "-" "gsa-crawler (Enterprise; S5-GAAQFZSZNSNAS; jhuang@ais.ucla.edu)"
61.157.153.173 - - [20/Sep/2007:07:57:46 -0700] "GET /%7Echea/music/ChrysanthemumPlatform.wma HTTP/1.1" 206 65536 "http://203.209.240.48/listen.php?sid=.24.117.71.99.76.24.16.108.100.126.246.128.236.154.148.128.24.137.154.252.167.249.179.135.173.248.237.234.173.131.169.112.123.44.63.58.49.57.93.4.12.38.28.49.1.50.5.6.20.17.34.18.1.13.74.27.65.50.30.3.84.54.87.36.66.94.8.15.42.9.115.63.12.4.88.6.78.91.56.52.11.28.5.6.49.35.51.79.9.38.3.66.85.90.5.61&source=ysearch_music_listen&kid=95367|c273b14c636c3032f7453c84a3e89580" "Mozilla/5.0 (compatible; MSIE 6.0; Windows NT 5.0)"
164.67.132.219 - - [20/Sep/2007:07:57:48 -0700] "GET /departments/show.php?loc=argentina HTTP/1.0" 200 923 "-" "gsa-crawler%20%28gsa1%2C%20contact%3A%20jhuang%40ais.ucla.edu%29 (Enterprise; S5-J4JEBZS9PUJJA; jhuang@ais.ucla.edu)"
61.157.153.173 - - [20/Sep/2007:07:57:48 -0700] "GET /%7Echea/music/ChrysanthemumPlatform.wma HTTP/1.1" 206 32768 "http://203.209.240.48/listen.php?sid=.24.117.71.99.76.24.16.108.100.126.246.128.236.154.148.128.24.137.154.252.167.249.179.135.173.248.237.234.173.131.169.112.123.44.63.58.49.57.93.4.12.38.28.49.1.50.5.6.20.17.34.18.1.13.74.27.65.50.30.3.84.54.87.36.66.94.8.15.42.9.115.63.12.4.88.6.78.91.56.52.11.28.5.6.49.35.51.79.9.38.3.66.85.90.5.61&source=ysearch_music_listen&kid=95367|c273b14c636c3032f7453c84a3e89580" "Mozilla/5.0 (compatible; MSIE 6.0; Windows NT 5.0)"
74.6.19.220 - - [20/Sep/2007:07:57:50 -0700] "GET /~frederic/ratings/index.html HTTP/1.0" 200 1586 "-" "Mozilla/5.0 (compatible; Yahoo! Slurp; http://help.yahoo.com/help/us/ysearch/slurp)"
128.97.86.248 - - [20/Sep/2007:07:57:52 -0700] "GET /frames/global.php?body=/data/index_body.php&head=/data/index_head.php HTTP/1.0" 200 532 "-" "-"
193.62.251.12 - - [20/Sep/2007:07:57:52 -0700] "GET /data/ HTTP/1.1" 200 544 "http://www.statsci.org/datasets.html" "Mozilla/4.0 (compatible; MSIE 6.0; Windows NT 5.1; SV1)"
193.62.251.12 - - [20/Sep/2007:07:57:52 -0700] "GET /data/index_head.php HTTP/1.1" 200 873 "http://www.stat.ucla.edu/data/" "Mozilla/4.0 (compatible; MSIE 6.0; Windows NT 5.1; SV1)"
61.157.153.173 - - [20/Sep/2007:07:57:52 -0700] "GET /%7Echea/music/ChrysanthemumPlatform.wma HTTP/1.1" 206 32768 "http://203.209.240.48/listen.php?sid=.24.117.71.99.76.24.16.108.100.126.246.128.236.154.148.128.24.137.154.252.167.249.179.135.173.248.237.234.173.131.169.112.123.44.63.58.49.57.93.4.12.38.28.49.1.50.5.6.20.17.34.18.1.13.74.27.65.50.30.3.84.54.87.36.66.94.8.15.42.9.115.63.12.4.88.6.78.91.56.52.11.28.5.6.49.35.51.79.9.38.3.66.85.90.5.61&source=ysearch_music_listen&kid=95367|c273b14c636c3032f7453c84a3e89580" "Mozilla/5.0 (compatible; MSIE 6.0; Windows NT 5.0)"
193.62.251.12 - - [20/Sep/2007:07:57:53 -0700] "GET /style_sheets/Global.css HTTP/1.1" 200 14230 "http://www.stat.ucla.edu/data/index_head.php" "Mozilla/4.0 (compatible; MSIE 6.0; Windows NT 5.1; SV1)"
193.62.251.12 - - [20/Sep/2007:07:57:53 -0700] "GET /data/index_body.php HTTP/1.1" 200 2495 "http://www.stat.ucla.edu/data/" "Mozilla/4.0 (compatible; MSIE 6.0; Windows NT 5.1; SV1)"
129.2.166.25 - - [20/Sep/2007:07:58:05 -0700] "GET /%7Esczhu/publication.html HTTP/1.1" 200 17001 "http://www.stat.ucla.edu/~sczhu/" "Mozilla/5.0 (Macintosh; U; PPC Mac OS X Mach-O; en-US; rv:1.8.1.6) Gecko/20070725 Firefox/2.0.0.6"
164.67.132.219 - - [20/Sep/2007:07:58:05 -0700] "GET /research/gpa/ HTTP/1.0" 200 9537 "-" "gsa-crawler%20%28gsa1%2C%20contact%3A%20jhuang%40ais.ucla.edu%29 (Enterprise; S5-J4JEBZS9PUJJA; jhuang@ais.ucla.edu)"
129.2.166.25 - - [20/Sep/2007:07:58:06 -0700] "GET /%7Esczhu/icons/back2.gif HTTP/1.1" 200 17061 "http://www.stat.ucla.edu/%7Esczhu/publication.html" "Mozilla/5.0 (Macintosh; U; PPC Mac OS X Mach-O; en-US; rv:1.8.1.6) Gecko/20070725 Firefox/2.0.0.6"
129.2.166.25 - - [20/Sep/2007:07:58:06 -0700] "GET /%7Esczhu/icons/bio.gif HTTP/1.1" 200 1681 "http://www.stat.ucla.edu/%7Esczhu/publication.html" "Mozilla/5.0 (Macintosh; U; PPC Mac OS X Mach-O; en-US; rv:1.8.1.6) Gecko/20070725 Firefox/2.0.0.6"
129.2.166.25 - - [20/Sep/2007:07:58:06 -0700] "GET /%7Esczhu/icons/research.gif HTTP/1.1" 200 1628 "http://www.stat.ucla.edu/%7Esczhu/publication.html" "Mozilla/5.0 (Macintosh; U; PPC Mac OS X Mach-O; en-US; rv:1.8.1.6) Gecko/20070725 Firefox/2.0.0.6"
193.62.251.12 - - [20/Sep/2007:07:58:06 -0700] "GET /datasets/ HTTP/1.1" 200 989 "http://www.stat.ucla.edu/data/index_body.php" "Mozilla/4.0 (compatible; MSIE 6.0; Windows NT 5.1; SV1)"
129.2.166.25 - - [20/Sep/2007:07:58:06 -0700] "GET /%7Esczhu/icons/pub.gif HTTP/1.1" 200 1796 "http://www.stat.ucla.edu/%7Esczhu/publication.html" "Mozilla/5.0 (Macintosh; U; PPC Mac OS X Mach-O; en-US; rv:1.8.1.6) Gecko/20070725 Firefox/2.0.0.6"
129.2.166.25 - - [20/Sep/2007:07:58:06 -0700] "GET /%7Esczhu/icons/talk.gif HTTP/1.1" 200 1343 "http://www.stat.ucla.edu/%7Esczhu/publication.html" "Mozilla/5.0 (Macintosh; U; PPC Mac OS X Mach-O; en-US; rv:1.8.1.6) Gecko/20070725 Firefox/2.0.0.6"
193.62.251.12 - - [20/Sep/2007:07:58:06 -0700] "GET /datasets/statlabs.css HTTP/1.1" 200 782 "http://www.stat.ucla.edu/datasets/" "Mozilla/4.0 (compatible; MSIE 6.0; Windows NT 5.1; SV1)"
129.2.166.25 - - [20/Sep/2007:07:58:06 -0700] "GET /%7Esczhu/icons/collab.gif HTTP/1.1" 200 1824 "http://www.stat.ucla.edu/%7Esczhu/publication.html" "Mozilla/5.0 (Macintosh; U; PPC Mac OS X Mach-O; en-US; rv:1.8.1.6) Gecko/20070725 Firefox/2.0.0.6"
129.2.166.25 - - [20/Sep/2007:07:58:06 -0700] "GET /%7Esczhu/icons/teach.gif HTTP/1.1" 200 1594 "http://www.stat.ucla.edu/%7Esczhu/publication.html" "Mozilla/5.0 (Macintosh; U; PPC Mac OS X Mach-O; en-US; rv:1.8.1.6) Gecko/20070725 Firefox/2.0.0.6"
129.2.166.25 - - [20/Sep/2007:07:58:06 -0700] "GET /%7Esczhu/icons/daught.gif HTTP/1.1" 200 1898 "http://www.stat.ucla.edu/%7Esczhu/publication.html" "Mozilla/5.0 (Macintosh; U; PPC Mac OS X Mach-O; en-US; rv:1.8.1.6) Gecko/20070725 Firefox/2.0.0.6"
129.2.166.25 - - [20/Sep/2007:07:58:06 -0700] "GET /%7Esczhu/icons/house1.gif HTTP/1.1" 200 241 "http://www.stat.ucla.edu/%7Esczhu/publication.html" "Mozilla/5.0 (Macintosh; U; PPC Mac OS X Mach-O; en-US; rv:1.8.1.6) Gecko/20070725 Firefox/2.0.0.6"
164.67.132.220 - - [20/Sep/2007:07:58:12 -0700] "GET /research/gpa/GPderfree.txt HTTP/1.0" 304 - "-" "gsa-crawler (Enterprise; S5-GAAQFZSZNSNAS; jhuang@ais.ucla.edu)"
193.62.251.12 - - [20/Sep/2007:07:58:15 -0700] "GET /datasets/search.php?q=two+sample HTTP/1.1" 200 937 "http://www.stat.ucla.edu/datasets/" "Mozilla/4.0 (compatible; MSIE 6.0; Windows NT 5.1; SV1)"
74.6.23.219 - - [20/Sep/2007:07:58:18 -0700] "GET /~cochran/stat10h/frmain.htm HTTP/1.0" 304 - "-" "Mozilla/5.0 (compatible; Yahoo! Slurp; http://help.yahoo.com/help/us/ysearch/slurp)"
164.67.132.219 - - [20/Sep/2007:07:58:18 -0700] "GET /courses/03F/ HTTP/1.0" 200 17346 "-" "gsa-crawler%20%28gsa1%2C%20contact%3A%20jhuang%40ais.ucla.edu%29 (Enterprise; S5-J4JEBZS9PUJJA; jhuang@ais.ucla.edu)"
134.226.32.57 - - [20/Sep/2007:07:58:18 -0700] "GET /%7Esczhu/papers/texton.pdf HTTP/1.0" 206 112199 "-" "Mozilla/5.0 (Windows; U; Windows NT 5.1; en-US; rv:1.8.1.7) Gecko/20070914 Firefox/2.0.0.7"
134.226.32.57 - - [20/Sep/2007:07:58:19 -0700] "GET /%7Esczhu/papers/texton.pdf HTTP/1.0" 206 10697 "-" "Mozilla/5.0 (Windows; U; Windows NT 5.1; en-US; rv:1.8.1.7) Gecko/20070914 Firefox/2.0.0.7"
134.226.32.57 - - [20/Sep/2007:07:58:19 -0700] "GET /%7Esczhu/papers/texton.pdf HTTP/1.0" 206 30701 "-" "Mozilla/5.0 (Windows; U; Windows NT 5.1; en-US; rv:1.8.1.7) Gecko/20070914 Firefox/2.0.0.7"
134.226.32.57 - - [20/Sep/2007:07:58:20 -0700] "GET /%7Esczhu/papers/texton.pdf HTTP/1.0" 206 44662 "-" "Mozilla/5.0 (Windows; U; Windows NT 5.1; en-US; rv:1.8.1.7) Gecko/20070914 Firefox/2.0.0.7"
212.200.113.26 - - [20/Sep/2007:07:58:20 -0700] "GET /frames/global.php.prev/global.php?abs_path=http://usuarios.arnet.com.ar/larry123/safe.txt? HTTP/1.1" 200 427 "-" "libwww-perl/5.79"
134.226.32.57 - - [20/Sep/2007:07:58:21 -0700] "GET /%7Esczhu/papers/texton.pdf HTTP/1.0" 206 44693 "-" "Mozilla/5.0 (Windows; U; Windows NT 5.1; en-US; rv:1.8.1.7) Gecko/20070914 Firefox/2.0.0.7"
134.226.32.57 - - [20/Sep/2007:07:58:21 -0700] "GET /%7Esczhu/papers/texton.pdf HTTP/1.0" 206 64622 "-" "Mozilla/5.0 (Windows; U; Windows NT 5.1; en-US; rv:1.8.1.7) Gecko/20070914 Firefox/2.0.0.7"
212.200.113.26 - - [20/Sep/2007:07:58:22 -0700] "GET /frames/global.php?abs_path=http://usuarios.arnet.com.ar/larry123/safe.txt? HTTP/1.1" 200 504 "-" "libwww-perl/5.79"
134.226.32.57 - - [20/Sep/2007:07:58:23 -0700] "GET /%7Esczhu/papers/texton.pdf HTTP/1.0" 206 174958 "-" "Mozilla/5.0 (Windows; U; Windows NT 5.1; en-US; rv:1.8.1.7) Gecko/20070914 Firefox/2.0.0.7"
134.226.32.57 - - [20/Sep/2007:07:58:25 -0700] "GET /%7Esczhu/papers/texton.pdf HTTP/1.0" 206 246161 "-" "Mozilla/5.0 (Windows; U; Windows NT 5.1; en-US; rv:1.8.1.7) Gecko/20070914 Firefox/2.0.0.7"
134.226.32.57 - - [20/Sep/2007:07:58:25 -0700] "GET /%7Esczhu/papers/texton.pdf HTTP/1.0" 206 58926 "-" "Mozilla/5.0 (Windows; U; Windows NT 5.1; en-US; rv:1.8.1.7) Gecko/20070914 Firefox/2.0.0.7"
164.67.132.219 - - [20/Sep/2007:07:58:28 -0700] "GET /administration/index_body.php HTTP/1.0" 200 4716 "-" "gsa-crawler%20%28gsa1%2C%20contact%3A%20jhuang%40ais.ucla.edu%29 (Enterprise; S5-J4JEBZS9PUJJA; jhuang@ais.ucla.edu)"
134.226.32.57 - - [20/Sep/2007:07:58:29 -0700] "GET /%7Esczhu/papers/texton.pdf HTTP/1.0" 206 548223 "-" "Mozilla/5.0 (Windows; U; Windows NT 5.1; en-US; rv:1.8.1.7) Gecko/20070914 Firefox/2.0.0.7"
65.55.209.78 - - [20/Sep/2007:07:58:30 -0700] "GET /data/cox-and-snell/A/?D=D HTTP/1.0" 200 586 "-" "msnbot/1.0 (+http://search.msn.com/msnbot.htm)"
134.226.32.57 - - [20/Sep/2007:07:58:32 -0700] "GET /%7Esczhu/papers/texton.pdf HTTP/1.0" 206 395194 "-" "Mozilla/5.0 (Windows; U; Windows NT 5.1; en-US; rv:1.8.1.7) Gecko/20070914 Firefox/2.0.0.7"
134.226.32.57 - - [20/Sep/2007:07:58:33 -0700] "GET /%7Esczhu/papers/texton.pdf HTTP/1.0" 206 175528 "-" "Mozilla/5.0 (Windows; U; Windows NT 5.1; en-US; rv:1.8.1.7) Gecko/20070914 Firefox/2.0.0.7"
134.226.32.57 - - [20/Sep/2007:07:58:34 -0700] "GET /%7Esczhu/papers/texton.pdf HTTP/1.0" 206 82459 "-" "Mozilla/5.0 (Windows; U; Windows NT 5.1; en-US; rv:1.8.1.7) Gecko/20070914 Firefox/2.0.0.7"
134.226.32.57 - - [20/Sep/2007:07:58:35 -0700] "GET /%7Esczhu/papers/texton.pdf HTTP/1.0" 206 8713 "-" "Mozilla/5.0 (Windows; U; Windows NT 5.1; en-US; rv:1.8.1.7) Gecko/20070914 Firefox/2.0.0.7"
134.226.32.57 - - [20/Sep/2007:07:58:35 -0700] "GET /%7Esczhu/papers/texton.pdf HTTP/1.0" 206 1237 "-" "Mozilla/5.0 (Windows; U; Windows NT 5.1; en-US; rv:1.8.1.7) Gecko/20070914 Firefox/2.0.0.7"
129.2.166.25 - - [20/Sep/2007:07:58:35 -0700] "GET /%7Esczhu/bio.html HTTP/1.1" 200 10108 "http://www.stat.ucla.edu/~sczhu/" "Mozilla/5.0 (Macintosh; U; PPC Mac OS X Mach-O; en-US; rv:1.8.1.6) Gecko/20070725 Firefox/2.0.0.6"
129.2.166.25 - - [20/Sep/2007:07:58:36 -0700] "GET /%7Esczhu/icons/USTC.gif HTTP/1.1" 200 5268 "http://www.stat.ucla.edu/%7Esczhu/bio.html" "Mozilla/5.0 (Macintosh; U; PPC Mac OS X Mach-O; en-US; rv:1.8.1.6) Gecko/20070725 Firefox/2.0.0.6"
129.2.166.25 - - [20/Sep/2007:07:58:36 -0700] "GET /%7Esczhu/icons/harvard_logo.gif HTTP/1.1" 200 5513 "http://www.stat.ucla.edu/%7Esczhu/bio.html" "Mozilla/5.0 (Macintosh; U; PPC Mac OS X Mach-O; en-US; rv:1.8.1.6) Gecko/20070725 Firefox/2.0.0.6"
129.2.166.25 - - [20/Sep/2007:07:58:36 -0700] "GET /%7Esczhu/icons/brown_shield.gif HTTP/1.1" 200 2623 "http://www.stat.ucla.edu/%7Esczhu/bio.html" "Mozilla/5.0 (Macintosh; U; PPC Mac OS X Mach-O; en-US; rv:1.8.1.6) Gecko/20070725 Firefox/2.0.0.6"
129.2.166.25 - - [20/Sep/2007:07:58:36 -0700] "GET /%7Esczhu/icons/stanford.gif HTTP/1.1" 200 1768 "http://www.stat.ucla.edu/%7Esczhu/bio.html" "Mozilla/5.0 (Macintosh; U; PPC Mac OS X Mach-O; en-US; rv:1.8.1.6) Gecko/20070725 Firefox/2.0.0.6"
129.2.166.25 - - [20/Sep/2007:07:58:36 -0700] "GET /%7Esczhu/icons/ucla_logo.gif HTTP/1.1" 200 3060 "http://www.stat.ucla.edu/%7Esczhu/bio.html" "Mozilla/5.0 (Macintosh; U; PPC Mac OS X Mach-O; en-US; rv:1.8.1.6) Gecko/20070725 Firefox/2.0.0.6"
164.67.132.220 - - [20/Sep/2007:07:58:42 -0700] "GET /research/gpa/splusfunctions.derfree HTTP/1.0" 304 - "-" "gsa-crawler (Enterprise; S5-GAAQFZSZNSNAS; jhuang@ais.ucla.edu)"
207.46.98.57 - - [20/Sep/2007:07:58:42 -0700] "GET /~apresson/photos/other/web-vt-holiday-party-05/slides/06-party2.html HTTP/1.0" 200 1231 "-" "msnbot/1.0 (+http://search.msn.com/msnbot.htm)"
164.67.132.219 - - [20/Sep/2007:07:58:47 -0700] "GET / HTTP/1.0" 200 17052 "-" "gsa-crawler%20%28gsa1%2C%20contact%3A%20jhuang%40ais.ucla.edu%29 (Enterprise; S5-J4JEBZS9PUJJA; jhuang@ais.ucla.edu)"
169.196.240.2 - - [20/Sep/2007:07:58:50 -0700] "GET /~cocteau/stat202a/resources/docs/S4Objects.pdf HTTP/1.0" 200 32768 "http://wiki.r-project.org/rwiki/doku.php?id=tips:classes-s4" "Mozilla/4.0 (compatible; MSIE 6.0; Windows NT 5.1; SV1; .NET CLR 1.1.4322; .NET CLR 2.0.50727)"
169.196.240.2 - - [20/Sep/2007:07:58:50 -0700] "GET /favicon.ico HTTP/1.0" 200 318 "-" "Mozilla/4.0 (compatible; MSIE 6.0; Windows NT 5.1; SV1; .NET CLR 1.1.4322; .NET CLR 2.0.50727)"
169.196.240.2 - - [20/Sep/2007:07:58:50 -0700] "GET /~cocteau/stat202a/resources/docs/S4Objects.pdf HTTP/1.0" 200 113862 "-" "Mozilla/4.0 (compatible; MSIE 6.0; Windows NT 5.1; SV1; .NET CLR 1.1.4322; .NET CLR 2.0.50727)"
69.234.99.196 - - [20/Sep/2007:07:58:57 -0700] "GET /~frederic/qual2007/ HTTP/1.1" 200 1363 "-" "Mozilla/5.0 (Macintosh; U; Intel Mac OS X; en) AppleWebKit/418.9.1 (KHTML, like Gecko) Safari/419.3"
64.13.140.234 - - [20/Sep/2007:07:59:02 -0700] "GET /rss/feed.php?unit=uclastat HTTP/1.0" 200 1739 "-" "Mozilla/5.0+(Windows;+U;+Windows+NT+5.1;+en-US;+rv:1.7.12)+Gecko/20050915+Firefox/1.0.7"
204.184.123.37 - - [20/Sep/2007:07:59:05 -0700] "GET /%7Edinov/Dinov_Email.gif HTTP/1.1" 200 804 "http://www.socr.ucla.edu/" "Mozilla/4.0 (compatible; MSIE 6.0; Windows NT 5.1; SV1; .NET CLR 1.1.4322; InfoPath.1)"
69.234.99.196 - - [20/Sep/2007:07:59:08 -0700] "GET /~frederic/qual2007/202exam.pdf HTTP/1.1" 200 102080 "http://www.stat.ucla.edu/~frederic/qual2007/" "Mozilla/5.0 (Macintosh; U; Intel Mac OS X; en) AppleWebKit/418.9.1 (KHTML, like Gecko) Safari/419.3"
164.67.132.219 - - [20/Sep/2007:07:59:12 -0700] "GET /consult/index_body.php HTTP/1.0" 200 2665 "-" "gsa-crawler%20%28gsa1%2C%20contact%3A%20jhuang%40ais.ucla.edu%29 (Enterprise; S5-J4JEBZS9PUJJA; jhuang@ais.ucla.edu)"
201.79.30.196 - - [20/Sep/2007:07:59:16 -0700] "GET /favicon.ico HTTP/1.1" 200 318 "-" "UCmore"
164.67.132.220 - - [20/Sep/2007:07:59:18 -0700] "GET /research/gpa/generalGP.pdf HTTP/1.0" 304 - "-" "gsa-crawler (Enterprise; S5-GAAQFZSZNSNAS; jhuang@ais.ucla.edu)"
194.160.168.87 - - [20/Sep/2007:07:59:20 -0700] "GET /~dinov/courses_students.dir/STAT10_Fall01/STAT10_Fall01/NaturePaperSamplingProtocol.pdf HTTP/1.1" 200 133677 "http://scholar.google.com/scholar?q=author:%22Kleijn%22+intitle:%22Agri-environmentschemes+donot+effectively+...%22+&hl=sk&um=1&ie=UTF-8&oi=scholarr" "Mozilla/4.0 (compatible; MSIE 6.0; Windows NT 5.1; SV1; .NET CLR 1.1.4322; .NET CLR 2.0.50727)"
171.161.160.10 - - [20/Sep/2007:07:59:23 -0700] "GET /~cochran/stat10/winter/lectures/lect8.html HTTP/1.1" 200 16970 "http://www.google.com/search?hl=en&q=statistics+coin+flip+probability+consecutive+equation" "Mozilla/4.0 (compatible; MSIE 6.0; Windows NT 5.1; SV1; .NET CLR 1.0.3705; .NET CLR 1.1.4322; InfoPath.1; .NET CLR 2.0.50727)"
171.161.160.10 - - [20/Sep/2007:07:59:23 -0700] "GET /~cochran/stat10/winter/lectures/image23.gif HTTP/1.1" 200 1189 "http://www.stat.ucla.edu/~cochran/stat10/winter/lectures/lect8.html" "Mozilla/4.0 (compatible; MSIE 6.0; Windows NT 5.1; SV1; .NET CLR 1.0.3705; .NET CLR 1.1.4322; InfoPath.1; .NET CLR 2.0.50727)"
171.161.160.10 - - [20/Sep/2007:07:59:23 -0700] "GET /~cochran/stat10/winter/lectures/image25.gif HTTP/1.1" 200 1136 "http://www.stat.ucla.edu/~cochran/stat10/winter/lectures/lect8.html" "Mozilla/4.0 (compatible; MSIE 6.0; Windows NT 5.1; SV1; .NET CLR 1.0.3705; .NET CLR 1.1.4322; InfoPath.1; .NET CLR 2.0.50727)"
171.161.160.10 - - [20/Sep/2007:07:59:23 -0700] "GET /~cochran/stat10/winter/lectures/image27.gif HTTP/1.1" 200 1725 "http://www.stat.ucla.edu/~cochran/stat10/winter/lectures/lect8.html" "Mozilla/4.0 (compatible; MSIE 6.0; Windows NT 5.1; SV1; .NET CLR 1.0.3705; .NET CLR 1.1.4322; InfoPath.1; .NET CLR 2.0.50727)"
171.161.160.10 - - [20/Sep/2007:07:59:23 -0700] "GET /~cochran/stat10/winter/lectures/image22.gif HTTP/1.1" 200 1141 "http://www.stat.ucla.edu/~cochran/stat10/winter/lectures/lect8.html" "Mozilla/4.0 (compatible; MSIE 6.0; Windows NT 5.1; SV1; .NET CLR 1.0.3705; .NET CLR 1.1.4322; InfoPath.1; .NET CLR 2.0.50727)"
171.161.160.10 - - [20/Sep/2007:07:59:23 -0700] "GET /~cochran/stat10/winter/lectures/image24.gif HTTP/1.1" 200 1466 "http://www.stat.ucla.edu/~cochran/stat10/winter/lectures/lect8.html" "Mozilla/4.0 (compatible; MSIE 6.0; Windows NT 5.1; SV1; .NET CLR 1.0.3705; .NET CLR 1.1.4322; InfoPath.1; .NET CLR 2.0.50727)"
171.161.160.10 - - [20/Sep/2007:07:59:23 -0700] "GET /~cochran/stat10/winter/lectures/image26.gif HTTP/1.1" 200 1221 "http://www.stat.ucla.edu/~cochran/stat10/winter/lectures/lect8.html" "Mozilla/4.0 (compatible; MSIE 6.0; Windows NT 5.1; SV1; .NET CLR 1.0.3705; .NET CLR 1.1.4322; InfoPath.1; .NET CLR 2.0.50727)"
160.39.240.172 - - [20/Sep/2007:07:59:25 -0700] "GET /favicon.ico HTTP/1.1" 200 318 "-" "Mozilla/5.0 (Windows; U; Windows NT 5.1; en-US; rv:1.8.1.7) Gecko/20070914 Firefox/2.0.0.7"
217.167.24.164 - - [20/Sep/2007:07:59:42 -0700] "GET /forums/read.php?f=327&i=3&t=2 HTTP/1.1" 403 299 "http://www.scirus.com/srsapp/search?q=aircraft+filtration+OR+space+vehicles+filtration+OR+filtration+and+speparation+OR+fluid+clarification+OR+hydraulic+filter+OR+industrial+filter+OR+membrane+filter+OR+OEM+filters+OR+oil+filter+OR+gasoline+filter+OR+fuel+filter+OR+air+filter+OR+dewatering+filter+OR+diesel+filter+or+dust+filter+&ds=jnl&ds=nom&ds=web&g=s&t=all" "Mozilla/5.0 (Windows; U; Windows NT 5.1; fr; rv:1.8) Gecko/20051107 Firefox/1.5"
67.167.129.38 - - [20/Sep/2007:07:59:44 -0700] "GET /~kcli/stat287/STAT%20287%20Syllabus%20 HTTP/1.1" 200 26112 "-" "nvs0hwsjkb0hrntbrgwa"
217.167.24.164 - - [20/Sep/2007:07:59:46 -0700] "GET /forums/read.php?f=327&i=3&t=2 HTTP/1.1" 403 299 "http://www.scirus.com/srsapp/search?q=aircraft+filtration+OR+space+vehicles+filtration+OR+filtration+and+speparation+OR+fluid+clarification+OR+hydraulic+filter+OR+industrial+filter+OR+membrane+filter+OR+OEM+filters+OR+oil+filter+OR+gasoline+filter+OR+fuel+filter+OR+air+filter+OR+dewatering+filter+OR+diesel+filter+or+dust+filter+&ds=jnl&ds=nom&ds=web&g=s&t=all" "Mozilla/5.0 (Windows; U; Windows NT 5.1; fr; rv:1.8) Gecko/20051107 Firefox/1.5"
83.52.167.193 - - [20/Sep/2007:07:59:46 -0700] "GET /favicon.ico HTTP/1.1" 200 318 "-" "UCmore"
208.216.254.2 - - [20/Sep/2007:07:59:49 -0700] "GET /~cochran/stat10/winter/lectures/lect18.html HTTP/1.1" 304 - "http://www.google.com/search?sourceid=navclient&ie=UTF-8&rlz=1T4ADBF_enUS236US237&q=Hypothesis+Test+in+regression" "Mozilla/4.0 (compatible; MSIE 6.0; Windows NT 5.1; SV1; .NET CLR 1.1.4322; .NET CLR 2.0.50727; InfoPath.1)"
208.216.254.2 - - [20/Sep/2007:07:59:49 -0700] "GET /~cochran/stat10/winter/lectures/image54.gif HTTP/1.1" 304 - "http://www.stat.ucla.edu/~cochran/stat10/winter/lectures/lect18.html" "Mozilla/4.0 (compatible; MSIE 6.0; Windows NT 5.1; SV1; .NET CLR 1.1.4322; .NET CLR 2.0.50727; InfoPath.1)"
208.216.254.2 - - [20/Sep/2007:07:59:49 -0700] "GET /~cochran/stat10/winter/lectures/image56.gif HTTP/1.1" 304 - "http://www.stat.ucla.edu/~cochran/stat10/winter/lectures/lect18.html" "Mozilla/4.0 (compatible; MSIE 6.0; Windows NT 5.1; SV1; .NET CLR 1.1.4322; .NET CLR 2.0.50727; InfoPath.1)"
208.216.254.2 - - [20/Sep/2007:07:59:49 -0700] "GET /~cochran/stat10/winter/lectures/image55.gif HTTP/1.1" 304 - "http://www.stat.ucla.edu/~cochran/stat10/winter/lectures/lect18.html" "Mozilla/4.0 (compatible; MSIE 6.0; Windows NT 5.1; SV1; .NET CLR 1.1.4322; .NET CLR 2.0.50727; InfoPath.1)"
208.216.254.2 - - [20/Sep/2007:07:59:50 -0700] "GET /~cochran/stat10/winter/lectures/image57.gif HTTP/1.1" 304 - "http://www.stat.ucla.edu/~cochran/stat10/winter/lectures/lect18.html" "Mozilla/4.0 (compatible; MSIE 6.0; Windows NT 5.1; SV1; .NET CLR 1.1.4322; .NET CLR 2.0.50727; InfoPath.1)"
208.216.254.2 - - [20/Sep/2007:07:59:50 -0700] "GET /~cochran/stat10/winter/lectures/image58.gif HTTP/1.1" 304 - "http://www.stat.ucla.edu/~cochran/stat10/winter/lectures/lect18.html" "Mozilla/4.0 (compatible; MSIE 6.0; Windows NT 5.1; SV1; .NET CLR 1.1.4322; .NET CLR 2.0.50727; InfoPath.1)"
208.216.254.2 - - [20/Sep/2007:07:59:50 -0700] "GET /~cochran/stat10/winter/lectures/image59.gif HTTP/1.1" 304 - "http://www.stat.ucla.edu/~cochran/stat10/winter/lectures/lect18.html" "Mozilla/4.0 (compatible; MSIE 6.0; Windows NT 5.1; SV1; .NET CLR 1.1.4322; .NET CLR 2.0.50727; InfoPath.1)"
208.216.254.2 - - [20/Sep/2007:07:59:50 -0700] "GET /~cochran/stat10/winter/lectures/image60.gif HTTP/1.1" 304 - "http://www.stat.ucla.edu/~cochran/stat10/winter/lectures/lect18.html" "Mozilla/4.0 (compatible; MSIE 6.0; Windows NT 5.1; SV1; .NET CLR 1.1.4322; .NET CLR 2.0.50727; InfoPath.1)"
208.216.254.2 - - [20/Sep/2007:07:59:50 -0700] "GET /~cochran/stat10/winter/lectures/image61.gif HTTP/1.1" 304 - "http://www.stat.ucla.edu/~cochran/stat10/winter/lectures/lect18.html" "Mozilla/4.0 (compatible; MSIE 6.0; Windows NT 5.1; SV1; .NET CLR 1.1.4322; .NET CLR 2.0.50727; InfoPath.1)"
128.97.55.196 - - [20/Sep/2007:07:59:51 -0700] "GET / HTTP/1.1" 200 16984 "-" "Mozilla/5.0 (Macintosh; U; Intel Mac OS X; en) AppleWebKit/419.2.1 (KHTML, like Gecko) Safari/419.3"
128.97.55.196 - - [20/Sep/2007:07:59:51 -0700] "GET /index.css HTTP/1.1" 304 - "http://www.stat.ucla.edu/" "Mozilla/5.0 (Macintosh; U; Intel Mac OS X; en) AppleWebKit/419.2.1 (KHTML, like Gecko) Safari/419.3"
128.97.55.196 - - [20/Sep/2007:07:59:51 -0700] "GET /css/uclastat/site.css HTTP/1.1" 304 - "http://www.stat.ucla.edu/" "Mozilla/5.0 (Macintosh; U; Intel Mac OS X; en) AppleWebKit/419.2.1 (KHTML, like Gecko) Safari/419.3"
