128.97.55.196 - - [20/Sep/2007:07:59:51 -0700] "GET /graphics/rss20.gif HTTP/1.1" 304 - "http://www.stat.ucla.edu/" "Mozilla/5.0 (Macintosh; U; Intel Mac OS X; en) AppleWebKit/419.2.1 (KHTML, like Gecko) Safari/419.3"
66.91.195.137 - - [20/Sep/2007:07:59:56 -0700] "GET /cases/fitness/ HTTP/1.1" 200 1917 "http://www.google.com/search?q=fitness+case+study&sourceid=ie7&rls=com.microsoft:en-US&ie=utf8&oe=utf8" "Mozilla/4.0 (compatible; MSIE 7.0; Windows NT 5.1; MSDigitalLocker)"
129.2.166.25 - - [20/Sep/2007:07:59:56 -0700] "GET /%7Esczhu/talks.html HTTP/1.1" 200 9489 "http://www.stat.ucla.edu/%7Esczhu/bio.html" "Mozilla/5.0 (Macintosh; U; PPC Mac OS X Mach-O; en-US; rv:1.8.1.6) Gecko/20070725 Firefox/2.0.0.6"
66.91.195.137 - - [20/Sep/2007:07:59:56 -0700] "GET /style_sheets/Global.css HTTP/1.1" 200 14230 "http://www.stat.ucla.edu/cases/fitness/" "Mozilla/4.0 (compatible; MSIE 7.0; Windows NT 5.1; MSDigitalLocker)"
66.91.195.137 - - [20/Sep/2007:07:59:56 -0700] "GET /graphics/blueline.gif HTTP/1.1" 200 930 "http://www.stat.ucla.edu/cases/fitness/" "Mozilla/4.0 (compatible; MSIE 7.0; Windows NT 5.1; MSDigitalLocker)"
66.91.195.137 - - [20/Sep/2007:07:59:56 -0700] "GET /graphics/button_question.gif HTTP/1.1" 200 326 "http://www.stat.ucla.edu/cases/fitness/" "Mozilla/4.0 (compatible; MSIE 7.0; Windows NT 5.1; MSDigitalLocker)"
66.91.195.137 - - [20/Sep/2007:07:59:57 -0700] "GET /favicon.ico HTTP/1.1" 200 318 "-" "Mozilla/4.0 (compatible; MSIE 7.0; Windows NT 5.1; MSDigitalLocker)"
164.67.132.220 - - [20/Sep/2007:08:00:01 -0700] "GET /research/gpa/references.pdf HTTP/1.0" 304 - "-" "gsa-crawler (Enterprise; S5-GAAQFZSZNSNAS; jhuang@ais.ucla.edu)"
129.2.166.25 - - [20/Sep/2007:08:00:02 -0700] "GET /%7Esczhu/collaborators.html HTTP/1.1" 200 6648 "http://www.stat.ucla.edu/%7Esczhu/talks.html" "Mozilla/5.0 (Macintosh; U; PPC Mac OS X Mach-O; en-US; rv:1.8.1.6) Gecko/20070725 Firefox/2.0.0.6"
129.2.166.25 - - [20/Sep/2007:08:00:03 -0700] "GET /%7Esczhu/icons/BACK2.GIF HTTP/1.1" 200 17061 "http://www.stat.ucla.edu/%7Esczhu/collaborators.html" "Mozilla/5.0 (Macintosh; U; PPC Mac OS X Mach-O; en-US; rv:1.8.1.6) Gecko/20070725 Firefox/2.0.0.6"
129.2.166.25 - - [20/Sep/2007:08:00:03 -0700] "GET /%7Esczhu/Vision_photo/shum_etc.gif HTTP/1.1" 200 97017 "http://www.stat.ucla.edu/%7Esczhu/collaborators.html" "Mozilla/5.0 (Macintosh; U; PPC Mac OS X Mach-O; en-US; rv:1.8.1.6) Gecko/20070725 Firefox/2.0.0.6"
129.2.166.25 - - [20/Sep/2007:08:00:03 -0700] "GET /%7Esczhu/Vision_photo/zhu_mumford.gif HTTP/1.1" 200 63732 "http://www.stat.ucla.edu/%7Esczhu/collaborators.html" "Mozilla/5.0 (Macintosh; U; PPC Mac OS X Mach-O; en-US; rv:1.8.1.6) Gecko/20070725 Firefox/2.0.0.6"
212.69.53.188 - - [20/Sep/2007:08:00:03 -0700] "GET /~kcli/stat287/lectures-287/Lecture-1-287/kaoshiung-talk-script.doc HTTP/1.1" 200 48128 "http://www.google.co.uk/search?q=mcm7+and+leukemia&hl=en&start=20&sa=N" "Mozilla/5.0 (Macintosh; U; Intel Mac OS X; en) AppleWebKit/419.3 (KHTML, like Gecko) Safari/419.3"
129.2.166.25 - - [20/Sep/2007:08:00:04 -0700] "GET /%7Esczhu/Vision_photo/zhu_wu_venice.jpg HTTP/1.1" 200 200785 "http://www.stat.ucla.edu/%7Esczhu/collaborators.html" "Mozilla/5.0 (Macintosh; U; PPC Mac OS X Mach-O; en-US; rv:1.8.1.6) Gecko/20070725 Firefox/2.0.0.6"
129.2.166.25 - - [20/Sep/2007:08:00:04 -0700] "GET /%7Esczhu/Vision_photo/newport.gif HTTP/1.1" 200 136959 "http://www.stat.ucla.edu/%7Esczhu/collaborators.html" "Mozilla/5.0 (Macintosh; U; PPC Mac OS X Mach-O; en-US; rv:1.8.1.6) Gecko/20070725 Firefox/2.0.0.6"
129.2.166.25 - - [20/Sep/2007:08:00:04 -0700] "GET /%7Esczhu/Zhu_photo/with_TGW.jpg HTTP/1.1" 200 36523 "http://www.stat.ucla.edu/%7Esczhu/collaborators.html" "Mozilla/5.0 (Macintosh; U; PPC Mac OS X Mach-O; en-US; rv:1.8.1.6) Gecko/20070725 Firefox/2.0.0.6"
129.2.166.25 - - [20/Sep/2007:08:00:04 -0700] "GET /%7Esczhu/Vision_photo/harvard_vision_group.jpg HTTP/1.1" 200 70512 "http://www.stat.ucla.edu/%7Esczhu/collaborators.html" "Mozilla/5.0 (Macintosh; U; PPC Mac OS X Mach-O; en-US; rv:1.8.1.6) Gecko/20070725 Firefox/2.0.0.6"
74.6.19.135 - - [20/Sep/2007:08:00:21 -0700] "GET /~nchristo/statistics100B/stat100b_3stocks.pdf HTTP/1.0" 200 44605 "-" "Mozilla/5.0 (compatible; Yahoo! Slurp; http://help.yahoo.com/help/us/ysearch/slurp)"
74.6.28.26 - - [20/Sep/2007:08:00:22 -0700] "GET /%7Edinov/courses_students.dir/03/Winter/STAT13.dir/HWs.dir/HW2.html HTTP/1.0" 304 - "-" "Mozilla/5.0 (compatible; Yahoo! Slurp; http://help.yahoo.com/help/us/ysearch/slurp)"
74.6.23.38 - - [20/Sep/2007:08:00:23 -0700] "GET /~neel/HBM2006-abs.pdf HTTP/1.0" 200 177062 "-" "Mozilla/5.0 (compatible; Yahoo! Slurp; http://help.yahoo.com/help/us/ysearch/slurp)"
164.67.132.220 - - [20/Sep/2007:08:00:24 -0700] "GET /research/gpa/randomstart.SAS HTTP/1.0" 304 - "-" "gsa-crawler (Enterprise; S5-GAAQFZSZNSNAS; jhuang@ais.ucla.edu)"
74.6.19.205 - - [20/Sep/2007:08:00:24 -0700] "GET /~sabatti/statarray/textr/textr.html HTTP/1.0" 200 4214 "-" "Mozilla/5.0 (compatible; Yahoo! Slurp; http://help.yahoo.com/help/us/ysearch/slurp)"
207.46.98.56 - - [20/Sep/2007:08:00:27 -0700] "GET /robots.txt HTTP/1.0" 200 559 "-" "msnbot/1.0 (+http://search.msn.com/msnbot.htm)"
207.46.98.56 - - [20/Sep/2007:08:00:27 -0700] "GET /~rgould/50f96/hwguide.html HTTP/1.0" 200 1284 "-" "msnbot/1.0 (+http://search.msn.com/msnbot.htm)"
164.67.132.220 - - [20/Sep/2007:08:00:31 -0700] "GET /theses/laura.pdf HTTP/1.0" 304 - "-" "gsa-crawler (Enterprise; S5-GAAQFZSZNSNAS; jhuang@ais.ucla.edu)"
74.6.27.100 - - [20/Sep/2007:08:00:37 -0700] "GET /~hgrazi/stat11_3c.html HTTP/1.0" 304 - "-" "Mozilla/5.0 (compatible; Yahoo! Slurp; http://help.yahoo.com/help/us/ysearch/slurp)"
164.67.132.220 - - [20/Sep/2007:08:00:49 -0700] "GET /theses/licheng.pdf HTTP/1.0" 304 - "-" "gsa-crawler (Enterprise; S5-GAAQFZSZNSNAS; jhuang@ais.ucla.edu)"
74.6.24.33 - - [20/Sep/2007:08:00:49 -0700] "GET /centers/civs/Texture/MSR_Texture/Homepage/pg141.htm HTTP/1.0" 304 - "-" "Mozilla/5.0 (compatible; Yahoo! Slurp; http://help.yahoo.com/help/us/ysearch/slurp)"
149.43.58.84 - - [20/Sep/2007:08:00:51 -0700] "GET / HTTP/1.1" 200 17335 "http://www.stat.ufl.edu/vlib/statistics.html" "Mozilla/4.0 (compatible; MSIE 6.0; Windows NT 5.1; SV1; .NET CLR 1.1.4322; InfoPath.1; .NET CLR 2.0.50727; .NET CLR 3.0.04506.30)"
149.43.58.84 - - [20/Sep/2007:08:00:52 -0700] "GET /index.css HTTP/1.1" 200 5869 "http://www.stat.ucla.edu/" "Mozilla/4.0 (compatible; MSIE 6.0; Windows NT 5.1; SV1; .NET CLR 1.1.4322; InfoPath.1; .NET CLR 2.0.50727; .NET CLR 3.0.04506.30)"
149.43.58.84 - - [20/Sep/2007:08:00:52 -0700] "GET /css/uclastat/site.css HTTP/1.1" 200 4822 "http://www.stat.ucla.edu/" "Mozilla/4.0 (compatible; MSIE 6.0; Windows NT 5.1; SV1; .NET CLR 1.1.4322; InfoPath.1; .NET CLR 2.0.50727; .NET CLR 3.0.04506.30)"
149.43.58.84 - - [20/Sep/2007:08:00:52 -0700] "GET /graphics/rss20.gif HTTP/1.1" 200 219 "http://www.stat.ucla.edu/" "Mozilla/4.0 (compatible; MSIE 6.0; Windows NT 5.1; SV1; .NET CLR 1.1.4322; InfoPath.1; .NET CLR 2.0.50727; .NET CLR 3.0.04506.30)"
149.43.58.84 - - [20/Sep/2007:08:00:53 -0700] "GET /favicon.ico HTTP/1.1" 200 318 "-" "Mozilla/5.0 (compatible; Google Desktop)"
66.129.40.177 - - [20/Sep/2007:08:01:00 -0700] "GET /~dinov/WhyStudyStatisticsBrochure/StatisticsMotivationGoals.html HTTP/1.1" 200 12589 "http://images.google.com/imgres?imgurl=http://www.loni.ucla.edu/~dinov/images.dir/Brain_Logo.gif&imgrefurl=http://www.stat.ucla.edu/~dinov/WhyStudyStatisticsBrochure/StatisticsMotivationGoals.html&h=486&w=720&sz=78&hl=en&start=17&tbnid=Sa5wyhPnmXWw9M:&tbnh=95&tbnw=140&prev=/images%3Fq%3Dthe%2Bhuman%2Bbrain%26gbv%3D2%26svnum%3D10%26hl%3Den%26sa%3DG" "Mozilla/4.0 (compatible; MSIE 6.0; Windows NT 5.0; .NET CLR 2.0.50727; .NET CLR 1.1.4322)"
66.129.40.177 - - [20/Sep/2007:08:01:01 -0700] "GET /%7Edinov/images.dir/BackgroundHeader3.jpg HTTP/1.1" 200 11964 "http://www.stat.ucla.edu/~dinov/WhyStudyStatisticsBrochure/StatisticsMotivationGoals.html" "Mozilla/4.0 (compatible; MSIE 6.0; Windows NT 5.0; .NET CLR 2.0.50727; .NET CLR 1.1.4322)"
66.129.40.177 - - [20/Sep/2007:08:01:02 -0700] "GET /~dinov/WhyStudyStatisticsBrochure/NuclearPlant.gif HTTP/1.1" 200 33791 "http://www.stat.ucla.edu/~dinov/WhyStudyStatisticsBrochure/StatisticsMotivationGoals.html" "Mozilla/4.0 (compatible; MSIE 6.0; Windows NT 5.0; .NET CLR 2.0.50727; .NET CLR 1.1.4322)"
66.129.40.177 - - [20/Sep/2007:08:01:03 -0700] "GET /~dinov/WhyStudyStatisticsBrochure/Polution.jpg HTTP/1.1" 200 5125 "http://www.stat.ucla.edu/~dinov/WhyStudyStatisticsBrochure/StatisticsMotivationGoals.html" "Mozilla/4.0 (compatible; MSIE 6.0; Windows NT 5.0; .NET CLR 2.0.50727; .NET CLR 1.1.4322)"
66.129.40.177 - - [20/Sep/2007:08:01:03 -0700] "GET /~dinov/WhyStudyStatisticsBrochure/Drugs.jpg HTTP/1.1" 200 8446 "http://www.stat.ucla.edu/~dinov/WhyStudyStatisticsBrochure/StatisticsMotivationGoals.html" "Mozilla/4.0 (compatible; MSIE 6.0; Windows NT 5.0; .NET CLR 2.0.50727; .NET CLR 1.1.4322)"
66.129.40.177 - - [20/Sep/2007:08:01:03 -0700] "GET /~dinov/WhyStudyStatisticsBrochure/LaborStats.gif HTTP/1.1" 200 9521 "http://www.stat.ucla.edu/~dinov/WhyStudyStatisticsBrochure/StatisticsMotivationGoals.html" "Mozilla/4.0 (compatible; MSIE 6.0; Windows NT 5.0; .NET CLR 2.0.50727; .NET CLR 1.1.4322)"
66.129.40.177 - - [20/Sep/2007:08:01:03 -0700] "GET /~dinov/WhyStudyStatisticsBrochure/InternetTraffic.gif HTTP/1.1" 200 10874 "http://www.stat.ucla.edu/~dinov/WhyStudyStatisticsBrochure/StatisticsMotivationGoals.html" "Mozilla/4.0 (compatible; MSIE 6.0; Windows NT 5.0; .NET CLR 2.0.50727; .NET CLR 1.1.4322)"
164.67.132.220 - - [20/Sep/2007:08:01:09 -0700] "GET /theses/susan.pdf HTTP/1.0" 304 - "-" "gsa-crawler (Enterprise; S5-GAAQFZSZNSNAS; jhuang@ais.ucla.edu)"
128.231.88.4 - - [20/Sep/2007:08:01:12 -0700] "GET /bookmarks/bookmarks.phtml?book=uclastat&parent=%2fComputing%2fApplications%2fStatistics HTTP/1.1" 404 1609 "http://userwww.sfsu.edu/~efc/classes/biol710/timeseries/TimeSeriesAnalysis.html" "Mozilla/5.0 (Windows; U; Windows NT 5.1; en-US; rv:1.8.1.7) Gecko/20070914 Firefox/2.0.0.7"
128.231.88.4 - - [20/Sep/2007:08:01:12 -0700] "GET /style_sheets/Global.css HTTP/1.1" 200 14230 "http://www.stat.ucla.edu/bookmarks/bookmarks.phtml?book=uclastat&parent=%2fComputing%2fApplications%2fStatistics" "Mozilla/5.0 (Windows; U; Windows NT 5.1; en-US; rv:1.8.1.7) Gecko/20070914 Firefox/2.0.0.7"
128.231.88.4 - - [20/Sep/2007:08:01:12 -0700] "GET /favicon.ico HTTP/1.1" 200 318 "-" "Mozilla/5.0 (Windows; U; Windows NT 5.1; en-US; rv:1.8.1.7) Gecko/20070914 Firefox/2.0.0.7"
74.6.26.208 - - [20/Sep/2007:08:01:17 -0700] "GET /~vlew/stat11/WI02/syllabus.html HTTP/1.0" 200 28280 "-" "Mozilla/5.0 (compatible; Yahoo! Slurp; http://help.yahoo.com/help/us/ysearch/slurp)"
128.231.88.4 - - [20/Sep/2007:08:01:18 -0700] "GET /index.php HTTP/1.1" 200 16983 "http://www.stat.ucla.edu/bookmarks/bookmarks.phtml?book=uclastat&parent=%2fComputing%2fApplications%2fStatistics" "Mozilla/5.0 (Windows; U; Windows NT 5.1; en-US; rv:1.8.1.7) Gecko/20070914 Firefox/2.0.0.7"
128.231.88.4 - - [20/Sep/2007:08:01:18 -0700] "GET /index.css HTTP/1.1" 200 5869 "http://www.stat.ucla.edu/index.php" "Mozilla/5.0 (Windows; U; Windows NT 5.1; en-US; rv:1.8.1.7) Gecko/20070914 Firefox/2.0.0.7"
128.231.88.4 - - [20/Sep/2007:08:01:18 -0700] "GET /css/uclastat/site.css HTTP/1.1" 200 4822 "http://www.stat.ucla.edu/index.php" "Mozilla/5.0 (Windows; U; Windows NT 5.1; en-US; rv:1.8.1.7) Gecko/20070914 Firefox/2.0.0.7"
128.231.88.4 - - [20/Sep/2007:08:01:18 -0700] "GET /graphics/rss20.gif HTTP/1.1" 200 219 "http://www.stat.ucla.edu/index.php" "Mozilla/5.0 (Windows; U; Windows NT 5.1; en-US; rv:1.8.1.7) Gecko/20070914 Firefox/2.0.0.7"
209.249.86.17 - - [20/Sep/2007:08:01:32 -0700] "GET /robots.txt HTTP/1.0" 200 559 "-" "Mozilla/5.0 (compatible; Charlotte/1.0b; http://www.searchme.com/support/)"
209.249.86.17 - - [20/Sep/2007:08:01:33 -0700] "GET /administration HTTP/1.0" 301 318 "-" "Mozilla/5.0 (compatible; Charlotte/1.0b; http://www.searchme.com/support/)"
128.97.86.248 - - [20/Sep/2007:08:01:34 -0700] "GET /frames/global.php?body=/administration/index_body.php&head=/administration/index_head.php HTTP/1.0" 200 552 "-" "-"
209.249.86.17 - - [20/Sep/2007:08:01:34 -0700] "GET /administration/ HTTP/1.0" 200 552 "-" "Mozilla/5.0 (compatible; Charlotte/1.0b; http://www.searchme.com/support/)"
12.1.55.186 - - [20/Sep/2007:08:01:39 -0700] "GET /graphics/GIF-icons/buttons/buttonup.gif HTTP/1.1" 200 206 "http://www.drlivshits.com/dentists.html" "Mozilla/4.0 (compatible; MSIE 6.0; Windows NT 5.1; SV1; FunWebProducts)"
190.129.118.1 - - [20/Sep/2007:08:01:42 -0700] "POST /forums/post.php HTTP/1.1" 403 299 "http://www.stat.ucla.edu/forums/read.php?f=325&i=28&t=28" "Mozilla/4.0 (compatible; MSIE 5.5; Windows NT)"
12.147.230.146 - - [20/Sep/2007:08:01:44 -0700] "GET /~dinov/courses_students.dir/02/Spr/STAT110A.dir/STAT_110.dir/Stat110A_MidTermReviewSol.pdf HTTP/1.1" 200 50482 "http://www.google.com/search?q=statistics+midterm+review&hl=en" "Mozilla/4.0 (compatible; MSIE 7.0; Windows NT 5.1; .NET CLR 1.1.4322; .NET CLR 2.0.50727; .NET CLR 3.0.04506.30; InfoPath.1)"
66.129.40.177 - - [20/Sep/2007:08:01:50 -0700] "GET /~dinov/WhyStudyStatisticsBrochure/InternetTraffic.gif HTTP/1.1" 206 3967 "http://www.stat.ucla.edu/~dinov/WhyStudyStatisticsBrochure/StatisticsMotivationGoals.html" "Mozilla/4.0 (compatible; MSIE 6.0; Windows NT 5.0; .NET CLR 2.0.50727; .NET CLR 1.1.4322)"
66.129.40.177 - - [20/Sep/2007:08:01:50 -0700] "GET /~dinov/WhyStudyStatisticsBrochure/ConsumerDemand.jpg HTTP/1.1" 200 18883 "http://www.stat.ucla.edu/~dinov/WhyStudyStatisticsBrochure/StatisticsMotivationGoals.html" "Mozilla/4.0 (compatible; MSIE 6.0; Windows NT 5.0; .NET CLR 2.0.50727; .NET CLR 1.1.4322)"
164.67.132.220 - - [20/Sep/2007:08:01:54 -0700] "GET /theses/jun.pdf HTTP/1.0" 304 - "-" "gsa-crawler (Enterprise; S5-GAAQFZSZNSNAS; jhuang@ais.ucla.edu)"
128.97.55.196 - - [20/Sep/2007:08:01:58 -0700] "GET / HTTP/1.1" 200 17824 "-" "Mozilla/5.0 (Macintosh; U; Intel Mac OS X; en) AppleWebKit/419.2.1 (KHTML, like Gecko) Safari/419.3"
128.97.55.196 - - [20/Sep/2007:08:01:58 -0700] "GET /index.css HTTP/1.1" 304 - "http://www.stat.ucla.edu/" "Mozilla/5.0 (Macintosh; U; Intel Mac OS X; en) AppleWebKit/419.2.1 (KHTML, like Gecko) Safari/419.3"
128.97.55.196 - - [20/Sep/2007:08:01:58 -0700] "GET /css/uclastat/site.css HTTP/1.1" 304 - "http://www.stat.ucla.edu/" "Mozilla/5.0 (Macintosh; U; Intel Mac OS X; en) AppleWebKit/419.2.1 (KHTML, like Gecko) Safari/419.3"
207.46.98.57 - - [20/Sep/2007:08:02:03 -0700] "GET /%7Ektranbar/spiritsquadphotos-Pages/Image114.html HTTP/1.0" 200 505 "-" "msnbot/1.0 (+http://search.msn.com/msnbot.htm)"
24.123.27.138 - - [20/Sep/2007:08:02:05 -0700] "GET /projects/datasets/ HTTP/1.0" 200 3421 "http://www.google.com/search?q=statistics+class+projects&hl=en&start=20&sa=N" "Mozilla/4.0 (compatible; MSIE 6.0; Windows NT 5.1; SV1; .NET CLR 1.1.4322)"
24.123.27.134 - - [20/Sep/2007:08:02:05 -0700] "GET /style_sheets/Global.css HTTP/1.0" 200 14230 "http://www.stat.ucla.edu/projects/datasets/" "Mozilla/4.0 (compatible; MSIE 6.0; Windows NT 5.1; SV1; .NET CLR 1.1.4322)"
24.123.27.134 - - [20/Sep/2007:08:02:08 -0700] "GET /projects/datasets/prison_data.dta HTTP/1.0" 200 20294 "http://www.stat.ucla.edu/projects/datasets/" "Mozilla/4.0 (compatible; MSIE 6.0; Windows NT 5.1; SV1; .NET CLR 1.1.4322)"
169.196.240.2 - - [20/Sep/2007:08:02:10 -0700] "GET /~cocteau/stat202a/resources/docs/S4Objects.pdf HTTP/1.0" 304 - "-" "contype"
69.231.145.210 - - [20/Sep/2007:08:02:10 -0700] "GET /graphics/logo1_167x90.gif HTTP/1.1" 200 3442 "-" "Mozilla/5.0 (Windows; U; Windows NT 5.0; en-US; rv:1.8.1.7) Gecko/20070914 Firefox/2.0.0.7"
169.196.240.2 - - [20/Sep/2007:08:02:14 -0700] "GET /~cocteau/ HTTP/1.0" 200 14663 "-" "Mozilla/4.0 (compatible; MSIE 6.0; Windows NT 5.1; SV1; .NET CLR 1.1.4322; .NET CLR 2.0.50727)"
169.196.240.2 - - [20/Sep/2007:08:02:14 -0700] "GET /~cocteau/style/main.css HTTP/1.0" 200 268 "http://www.stat.ucla.edu/~cocteau/" "Mozilla/4.0 (compatible; MSIE 6.0; Windows NT 5.1; SV1; .NET CLR 1.1.4322; .NET CLR 2.0.50727)"
169.196.240.2 - - [20/Sep/2007:08:02:15 -0700] "GET /~cocteau/style/win.css HTTP/1.0" 200 269 "http://www.stat.ucla.edu/~cocteau/" "Mozilla/4.0 (compatible; MSIE 6.0; Windows NT 5.1; SV1; .NET CLR 1.1.4322; .NET CLR 2.0.50727)"
169.196.240.2 - - [20/Sep/2007:08:02:15 -0700] "GET /~cocteau/images/fade1.jpg HTTP/1.0" 200 617 "http://www.stat.ucla.edu/~cocteau/" "Mozilla/4.0 (compatible; MSIE 6.0; Windows NT 5.1; SV1; .NET CLR 1.1.4322; .NET CLR 2.0.50727)"
169.196.240.2 - - [20/Sep/2007:08:02:15 -0700] "GET /~cocteau/images/lp33.jpg HTTP/1.0" 200 60864 "http://www.stat.ucla.edu/~cocteau/" "Mozilla/4.0 (compatible; MSIE 6.0; Windows NT 5.1; SV1; .NET CLR 1.1.4322; .NET CLR 2.0.50727)"
169.196.240.2 - - [20/Sep/2007:08:02:15 -0700] "GET /~cocteau/images/bad14.jpg HTTP/1.0" 200 48411 "http://www.stat.ucla.edu/~cocteau/" "Mozilla/4.0 (compatible; MSIE 6.0; Windows NT 5.1; SV1; .NET CLR 1.1.4322; .NET CLR 2.0.50727)"
169.196.240.2 - - [20/Sep/2007:08:02:15 -0700] "GET /~cocteau/stat260/walk/gesmall.jpg HTTP/1.0" 200 77212 "http://www.stat.ucla.edu/~cocteau/" "Mozilla/4.0 (compatible; MSIE 6.0; Windows NT 5.1; SV1; .NET CLR 1.1.4322; .NET CLR 2.0.50727)"
169.196.240.2 - - [20/Sep/2007:08:02:15 -0700] "GET /~cocteau/images/realblackb.jpg HTTP/1.0" 200 693 "http://www.stat.ucla.edu/~cocteau/" "Mozilla/4.0 (compatible; MSIE 6.0; Windows NT 5.1; SV1; .NET CLR 1.1.4322; .NET CLR 2.0.50727)"
24.123.27.134 - - [20/Sep/2007:08:02:18 -0700] "GET /projects/datasets/ant-explanation.html HTTP/1.0" 200 6655 "http://www.stat.ucla.edu/projects/datasets/" "Mozilla/4.0 (compatible; MSIE 6.0; Windows NT 5.1; SV1; .NET CLR 1.1.4322)"
24.123.27.134 - - [20/Sep/2007:08:02:18 -0700] "GET /stylesheets/Global.css HTTP/1.0" 404 1609 "http://www.stat.ucla.edu/projects/datasets/ant-explanation.html" "Mozilla/4.0 (compatible; MSIE 6.0; Windows NT 5.1; SV1; .NET CLR 1.1.4322)"
160.45.133.55 - - [20/Sep/2007:08:02:35 -0700] "GET / HTTP/1.1" 200 17226 "http://www.google.de/search?hl=de&q=ucla+stats&meta=" "Mozilla/4.0 (compatible; MSIE 7.0; Windows NT 5.1; .NET CLR 2.0.50727; InfoPath.1)"
160.45.133.55 - - [20/Sep/2007:08:02:35 -0700] "GET /index.css HTTP/1.1" 200 5869 "http://www.stat.ucla.edu/" "Mozilla/4.0 (compatible; MSIE 7.0; Windows NT 5.1; .NET CLR 2.0.50727; InfoPath.1)"
160.45.133.55 - - [20/Sep/2007:08:02:35 -0700] "GET /css/uclastat/site.css HTTP/1.1" 200 4822 "http://www.stat.ucla.edu/" "Mozilla/4.0 (compatible; MSIE 7.0; Windows NT 5.1; .NET CLR 2.0.50727; InfoPath.1)"
160.45.133.55 - - [20/Sep/2007:08:02:36 -0700] "GET /graphics/rss20.gif HTTP/1.1" 200 219 "http://www.stat.ucla.edu/" "Mozilla/4.0 (compatible; MSIE 7.0; Windows NT 5.1; .NET CLR 2.0.50727; InfoPath.1)"
160.45.133.55 - - [20/Sep/2007:08:02:36 -0700] "GET /favicon.ico HTTP/1.1" 200 318 "-" "Mozilla/4.0 (compatible; MSIE 7.0; Windows NT 5.1; .NET CLR 2.0.50727; InfoPath.1)"
74.6.24.136 - - [20/Sep/2007:08:02:37 -0700] "GET /~dinov/courses_students.dir/STAT10_Fall01/STAT10_Fall01/Ch07_10_files/slide0122.htm HTTP/1.0" 304 - "-" "Mozilla/5.0 (compatible; Yahoo! Slurp; http://help.yahoo.com/help/us/ysearch/slurp)"
131.104.11.95 - - [20/Sep/2007:08:02:38 -0700] "GET /calculators/powercalc/ HTTP/1.1" 301 333 "-" "Mozilla/4.0 (compatible; MSIE 7.0; Windows NT 6.0; SLCC1; .NET CLR 2.0.50727; Media Center PC 5.0; .NET CLR 3.0.04506)"
164.67.132.220 - - [20/Sep/2007:08:02:43 -0700] "GET /theses/dpaper.pdf HTTP/1.0" 304 - "-" "gsa-crawler (Enterprise; S5-GAAQFZSZNSNAS; jhuang@ais.ucla.edu)"
169.196.240.2 - - [20/Sep/2007:08:02:46 -0700] "GET /~cocteau/stat202a/index2004.html HTTP/1.0" 200 9026 "http://www.stat.ucla.edu/~cocteau/" "Mozilla/4.0 (compatible; MSIE 6.0; Windows NT 5.1; SV1; .NET CLR 1.1.4322; .NET CLR 2.0.50727)"
169.196.240.2 - - [20/Sep/2007:08:02:46 -0700] "GET /~cocteau/stat202a/images/fade1.jpg HTTP/1.0" 200 617 "http://www.stat.ucla.edu/~cocteau/stat202a/index2004.html" "Mozilla/4.0 (compatible; MSIE 6.0; Windows NT 5.1; SV1; .NET CLR 1.1.4322; .NET CLR 2.0.50727)"
169.196.240.2 - - [20/Sep/2007:08:02:46 -0700] "GET /~cocteau/stat202a/images/realblackb.jpg HTTP/1.0" 200 693 "http://www.stat.ucla.edu/~cocteau/stat202a/index2004.html" "Mozilla/4.0 (compatible; MSIE 6.0; Windows NT 5.1; SV1; .NET CLR 1.1.4322; .NET CLR 2.0.50727)"
160.45.133.55 - - [20/Sep/2007:08:02:53 -0700] "GET /departments HTTP/1.1" 301 327 "http://www.stat.ucla.edu/" "Mozilla/4.0 (compatible; MSIE 7.0; Windows NT 5.1; .NET CLR 2.0.50727; InfoPath.1)"
128.97.86.248 - - [20/Sep/2007:08:02:53 -0700] "GET /frames/global.php?body=/departments/index_body.php&head=/departments/index_head.php HTTP/1.0" 200 546 "-" "-"
160.45.133.55 - - [20/Sep/2007:08:02:53 -0700] "GET /departments/ HTTP/1.1" 200 558 "http://www.stat.ucla.edu/" "Mozilla/4.0 (compatible; MSIE 7.0; Windows NT 5.1; .NET CLR 2.0.50727; InfoPath.1)"
160.45.133.55 - - [20/Sep/2007:08:02:53 -0700] "GET /departments/index_head.php HTTP/1.1" 200 526 "http://www.stat.ucla.edu/departments/" "Mozilla/4.0 (compatible; MSIE 7.0; Windows NT 5.1; .NET CLR 2.0.50727; InfoPath.1)"
160.45.133.55 - - [20/Sep/2007:08:02:54 -0700] "GET /style_sheets/Global.css HTTP/1.1" 200 14230 "http://www.stat.ucla.edu/departments/index_head.php" "Mozilla/4.0 (compatible; MSIE 7.0; Windows NT 5.1; .NET CLR 2.0.50727; InfoPath.1)"
160.45.133.55 - - [20/Sep/2007:08:02:54 -0700] "GET /departments/index_body.php HTTP/1.1" 200 1813 "http://www.stat.ucla.edu/departments/" "Mozilla/4.0 (compatible; MSIE 7.0; Windows NT 5.1; .NET CLR 2.0.50727; InfoPath.1)"
160.45.133.55 - - [20/Sep/2007:08:02:54 -0700] "GET /graphics/world.gif HTTP/1.1" 200 9583 "http://www.stat.ucla.edu/departments/index_body.php" "Mozilla/4.0 (compatible; MSIE 7.0; Windows NT 5.1; .NET CLR 2.0.50727; InfoPath.1)"
131.104.11.95 - - [20/Sep/2007:08:02:55 -0700] "GET /calculators/powercalc/ HTTP/1.1" 301 333 "-" "Mozilla/4.0 (compatible; MSIE 7.0; Windows NT 6.0; SLCC1; .NET CLR 2.0.50727; Media Center PC 5.0; .NET CLR 3.0.04506)"
207.46.98.57 - - [20/Sep/2007:08:02:56 -0700] "GET /~rgould/50f96/outline/outline.html HTTP/1.0" 200 2314 "-" "msnbot/1.0 (+http://search.msn.com/msnbot.htm)"
65.55.209.81 - - [20/Sep/2007:08:03:10 -0700] "GET /~zzsi/doc/0.4584 HTTP/1.0" 404 1609 "-" "msnbot/1.0 (+http://search.msn.com/msnbot.htm)"
134.226.32.57 - - [20/Sep/2007:08:03:19 -0700] "GET /%7Esczhu/papers/texton.pdf HTTP/1.0" 200 73472 "http://www.stat.ucla.edu/%7Esczhu/publication.html" "Mozilla/5.0 (Windows; U; Windows NT 5.1; en-US; rv:1.8.1.7) Gecko/20070914 Firefox/2.0.0.7"
164.67.132.220 - - [20/Sep/2007:08:03:21 -0700] "GET /theses/matt.pdf HTTP/1.0" 304 - "-" "gsa-crawler (Enterprise; S5-GAAQFZSZNSNAS; jhuang@ais.ucla.edu)"
134.226.32.57 - - [20/Sep/2007:08:03:28 -0700] "GET /%7Esczhu/papers/reprint_IJCV_parsing.pdf HTTP/1.0" 200 65536 "http://www.stat.ucla.edu/%7Esczhu/publication.html" "Mozilla/5.0 (Windows; U; Windows NT 5.1; en-US; rv:1.8.1.7) Gecko/20070914 Firefox/2.0.0.7"
134.226.32.57 - - [20/Sep/2007:08:03:29 -0700] "GET /%7Esczhu/papers/reprint_IJCV_parsing.pdf HTTP/1.0" 206 76065 "-" "Mozilla/5.0 (Windows; U; Windows NT 5.1; en-US; rv:1.8.1.7) Gecko/20070914 Firefox/2.0.0.7"
134.226.32.57 - - [20/Sep/2007:08:03:29 -0700] "GET /%7Esczhu/papers/reprint_IJCV_parsing.pdf HTTP/1.0" 206 27079 "-" "Mozilla/5.0 (Windows; U; Windows NT 5.1; en-US; rv:1.8.1.7) Gecko/20070914 Firefox/2.0.0.7"
134.226.32.57 - - [20/Sep/2007:08:03:30 -0700] "GET /%7Esczhu/papers/reprint_IJCV_parsing.pdf HTTP/1.0" 206 7195 "-" "Mozilla/5.0 (Windows; U; Windows NT 5.1; en-US; rv:1.8.1.7) Gecko/20070914 Firefox/2.0.0.7"
134.226.32.57 - - [20/Sep/2007:08:03:31 -0700] "GET /%7Esczhu/papers/reprint_IJCV_parsing.pdf HTTP/1.0" 206 17371 "-" "Mozilla/5.0 (Windows; U; Windows NT 5.1; en-US; rv:1.8.1.7) Gecko/20070914 Firefox/2.0.0.7"
134.226.32.57 - - [20/Sep/2007:08:03:32 -0700] "GET /%7Esczhu/papers/reprint_IJCV_parsing.pdf HTTP/1.0" 206 234582 "-" "Mozilla/5.0 (Windows; U; Windows NT 5.1; en-US; rv:1.8.1.7) Gecko/20070914 Firefox/2.0.0.7"
134.226.32.57 - - [20/Sep/2007:08:03:32 -0700] "GET /%7Esczhu/papers/reprint_IJCV_parsing.pdf HTTP/1.0" 206 81874 "-" "Mozilla/5.0 (Windows; U; Windows NT 5.1; en-US; rv:1.8.1.7) Gecko/20070914 Firefox/2.0.0.7"
134.226.32.57 - - [20/Sep/2007:08:03:36 -0700] "GET /%7Esczhu/papers/reprint_IJCV_parsing.pdf HTTP/1.0" 206 521401 "-" "Mozilla/5.0 (Windows; U; Windows NT 5.1; en-US; rv:1.8.1.7) Gecko/20070914 Firefox/2.0.0.7"
134.226.32.57 - - [20/Sep/2007:08:03:37 -0700] "GET /%7Esczhu/papers/reprint_IJCV_parsing.pdf HTTP/1.0" 206 90185 "-" "Mozilla/5.0 (Windows; U; Windows NT 5.1; en-US; rv:1.8.1.7) Gecko/20070914 Firefox/2.0.0.7"
68.120.89.48 - - [20/Sep/2007:08:03:40 -0700] "GET /graphics/logo1_167x90.gif HTTP/1.1" 304 - "-" "Mozilla/4.0 (compatible; MSIE 6.0; Windows NT 5.1; SV1; .NET CLR 1.1.4322)"
134.226.32.57 - - [20/Sep/2007:08:03:40 -0700] "GET /%7Esczhu/papers/reprint_IJCV_parsing.pdf HTTP/1.0" 206 254391 "-" "Mozilla/5.0 (Windows; U; Windows NT 5.1; en-US; rv:1.8.1.7) Gecko/20070914 Firefox/2.0.0.7"
164.67.132.220 - - [20/Sep/2007:08:03:41 -0700] "GET /theses/uclathes/ HTTP/1.0" 200 1511 "-" "gsa-crawler (Enterprise; S5-GAAQFZSZNSNAS; jhuang@ais.ucla.edu)"
134.226.32.57 - - [20/Sep/2007:08:03:42 -0700] "GET /%7Esczhu/papers/reprint_IJCV_parsing.pdf HTTP/1.0" 206 305585 "-" "Mozilla/5.0 (Windows; U; Windows NT 5.1; en-US; rv:1.8.1.7) Gecko/20070914 Firefox/2.0.0.7"
134.226.32.57 - - [20/Sep/2007:08:03:43 -0700] "GET /%7Esczhu/papers/reprint_IJCV_parsing.pdf HTTP/1.0" 206 57605 "-" "Mozilla/5.0 (Windows; U; Windows NT 5.1; en-US; rv:1.8.1.7) Gecko/20070914 Firefox/2.0.0.7"
24.96.199.13 - - [20/Sep/2007:08:03:43 -0700] "GET / HTTP/1.0" 200 17178 "http://www.physicalsciences.ucla.edu/" "Mozilla/4.0 (compatible; MSIE 6.0; Windows NT 5.1; SV1; .NET CLR 1.1.4322; .NET CLR 2.0.50727; .NET CLR 3.0.04506.30)"
207.46.98.57 - - [20/Sep/2007:08:03:45 -0700] "GET /calculators/cdf/cauchy/cauchyrand.phtml HTTP/1.0" 301 338 "-" "msnbot/1.0 (+http://search.msn.com/msnbot.htm)"
76.171.39.79 - - [20/Sep/2007:08:03:47 -0700] "GET /graphics/logo1_167x90.gif HTTP/1.1" 304 - "-" "Mozilla/5.0 (Macintosh; U; PPC Mac OS X; en) AppleWebKit/419.3 (KHTML, like Gecko) Safari/419.3"
164.67.132.220 - - [20/Sep/2007:08:03:55 -0700] "GET /theses/mingyi.pdf HTTP/1.0" 304 - "-" "gsa-crawler (Enterprise; S5-GAAQFZSZNSNAS; jhuang@ais.ucla.edu)"
164.67.132.220 - - [20/Sep/2007:08:03:58 -0700] "GET /theses/james.pdf HTTP/1.0" 304 - "-" "gsa-crawler (Enterprise; S5-GAAQFZSZNSNAS; jhuang@ais.ucla.edu)"
89.149.241.167 - - [20/Sep/2007:08:03:58 -0700] "GET /rss/feed.php?unit=uclastat HTTP/1.1" 200 1751 "-" "Mozilla/4.0"
68.120.89.48 - - [20/Sep/2007:08:03:59 -0700] "GET /~frederic/qual2007 HTTP/1.1" 301 334 "-" "Mozilla/4.0 (compatible; MSIE 6.0; Windows NT 5.1; SV1; .NET CLR 1.1.4322)"
68.120.89.48 - - [20/Sep/2007:08:04:00 -0700] "GET /~frederic/qual2007/ HTTP/1.1" 200 1363 "-" "Mozilla/4.0 (compatible; MSIE 6.0; Windows NT 5.1; SV1; .NET CLR 1.1.4322)"
68.120.89.48 - - [20/Sep/2007:08:04:04 -0700] "GET /~frederic/qual2007/202exam.pdf HTTP/1.1" 200 102080 "http://www.stat.ucla.edu/~frederic/qual2007/" "Mozilla/4.0 (compatible; MSIE 6.0; Windows NT 5.1; SV1; .NET CLR 1.1.4322)"
190.40.173.51 - - [20/Sep/2007:08:04:17 -0700] "GET /favicon.ico HTTP/1.1" 200 318 "-" "Mozilla/4.0 (compatible; MSIE 6.0; Windows NT 5.1; SV1; InfoPath.1)"
164.67.132.220 - - [20/Sep/2007:08:04:27 -0700] "GET /theses/kerby-dissertation.pdf HTTP/1.0" 304 - "-" "gsa-crawler (Enterprise; S5-GAAQFZSZNSNAS; jhuang@ais.ucla.edu)"
164.67.132.220 - - [20/Sep/2007:08:04:31 -0700] "GET /theses/stan.pdf HTTP/1.0" 304 - "-" "gsa-crawler (Enterprise; S5-GAAQFZSZNSNAS; jhuang@ais.ucla.edu)"
76.171.39.79 - - [20/Sep/2007:08:04:34 -0700] "GET /~frederic/qual2007/ HTTP/1.1" 200 1363 "-" "Mozilla/5.0 (Macintosh; U; PPC Mac OS X; en) AppleWebKit/419.3 (KHTML, like Gecko) Safari/419.3"
203.187.249.166 - - [20/Sep/2007:08:04:39 -0700] "GET /~kcli/stat287/lectures-287/Lecture-4-287/liquid%20association-1.ppt HTTP/1.1" 200 524288 "http://www.google.co.in/search?hl=en&client=firefox-a&rls=org.mozilla:en-US:official&hs=cEN&sa=X&oi=spell&resnum=0&ct=result&cd=1&q=ppt+on+karl+pearson%27s+correlation+coefficient&spell=1" "Mozilla/5.0 (Windows; U; Windows NT 5.1; en-US; rv:1.8) Gecko/20051111 Firefox/1.5"
76.171.39.79 - - [20/Sep/2007:08:04:43 -0700] "GET /~frederic/qual2007/202exam.pdf HTTP/1.1" 200 102080 "http://www.stat.ucla.edu/~frederic/qual2007/" "Mozilla/5.0 (Macintosh; U; PPC Mac OS X; en) AppleWebKit/419.3 (KHTML, like Gecko) Safari/419.3"
164.67.132.220 - - [20/Sep/2007:08:05:03 -0700] "GET /theses/amy.pdf HTTP/1.0" 304 - "-" "gsa-crawler (Enterprise; S5-GAAQFZSZNSNAS; jhuang@ais.ucla.edu)"
164.67.132.220 - - [20/Sep/2007:08:05:06 -0700] "GET /theses/kerr-thesis.pdf HTTP/1.0" 304 - "-" "gsa-crawler (Enterprise; S5-GAAQFZSZNSNAS; jhuang@ais.ucla.edu)"
164.67.132.220 - - [20/Sep/2007:08:05:10 -0700] "GET /theses/kim.pdf HTTP/1.0" 304 - "-" "gsa-crawler (Enterprise; S5-GAAQFZSZNSNAS; jhuang@ais.ucla.edu)"
130.76.32.182 - - [20/Sep/2007:08:05:13 -0700] "GET /~yuille/pubs/ponpoff_papers/edge_pami03J.ps.gz HTTP/1.1" 200 4738329 "http://www.google.com/search?q=orientation+without+edge+detection&hl=en&start=40&sa=N" "Mozilla/5.0 (Windows; U; Windows NT 5.1; en-US; rv:1.7.12) Gecko/20050915 Firefox/1.0.7 (CCK-Boeing)"
12.161.203.68 - - [20/Sep/2007:08:05:28 -0700] "GET /~rgould/120aw06/podcast/podcast.xml HTTP/1.1" 200 1764 "-" "iTunes/7.4.2 (Macintosh; N; Intel)"
164.67.132.220 - - [20/Sep/2007:08:05:35 -0700] "GET /theses/afshartous.pdf HTTP/1.0" 304 - "-" "gsa-crawler (Enterprise; S5-GAAQFZSZNSNAS; jhuang@ais.ucla.edu)"
217.167.24.164 - - [20/Sep/2007:08:05:41 -0700] "GET /forums/read.php?f=327&i=3&t=2 HTTP/1.1" 403 299 "http://www.scirus.com/srsapp/search?q=aircraft+filtration+OR+space+vehicles+filtration+OR+filtration+and+speparation+OR+fluid+clarification+OR+hydraulic+filter+OR+industrial+filter+OR+membrane+filter+OR+OEM+filters+OR+oil+filter+OR+gasoline+filter+OR+fuel+filter+OR+air+filter+OR+dewatering+filter+OR+diesel+filter+or+dust+filter+&ds=jnl&ds=nom&ds=web&g=s&t=all" "Mozilla/5.0 (Windows; U; Windows NT 5.1; fr; rv:1.8) Gecko/20051107 Firefox/1.5"
217.167.24.164 - - [20/Sep/2007:08:05:45 -0700] "GET /forums/read.php?f=327&i=3&t=2 HTTP/1.1" 403 299 "http://www.scirus.com/srsapp/search?q=aircraft+filtration+OR+space+vehicles+filtration+OR+filtration+and+speparation+OR+fluid+clarification+OR+hydraulic+filter+OR+industrial+filter+OR+membrane+filter+OR+OEM+filters+OR+oil+filter+OR+gasoline+filter+OR+fuel+filter+OR+air+filter+OR+dewatering+filter+OR+diesel+filter+or+dust+filter+&ds=jnl&ds=nom&ds=web&g=s&t=all" "Mozilla/5.0 (Windows; U; Windows NT 5.1; fr; rv:1.8) Gecko/20051107 Firefox/1.5"
66.249.85.134 - - [20/Sep/2007:08:05:59 -0700] "GET /~frederic/qual2007 HTTP/1.1" 301 334 "-" "Mozilla/5.0 (Windows; U; Windows NT 5.1; en-US; rv:1.8.1.7) Gecko/20070914 Firefox/2.0.0.7"
66.249.85.134 - - [20/Sep/2007:08:05:59 -0700] "GET /~frederic/qual2007/ HTTP/1.1" 200 1363 "-" "Mozilla/5.0 (Windows; U; Windows NT 5.1; en-US; rv:1.8.1.7) Gecko/20070914 Firefox/2.0.0.7"
66.249.85.134 - - [20/Sep/2007:08:05:59 -0700] "GET /favicon.ico HTTP/1.1" 200 318 "-" "Mozilla/5.0 (Windows; U; Windows NT 5.1; en-US; rv:1.8.1.7) Gecko/20070914 Firefox/2.0.0.7"
66.249.85.134 - - [20/Sep/2007:08:05:59 -0700] "GET /~frederic/qual2007/data HTTP/1.1" 301 339 "http://www.stat.ucla.edu/~frederic/qual2007/" "Mozilla/5.0 (Windows; U; Windows NT 5.1; en-US; rv:1.8.1.7) Gecko/20070914 Firefox/2.0.0.7"
66.249.85.134 - - [20/Sep/2007:08:05:59 -0700] "GET /~frederic/qual2007/data/ HTTP/1.1" 200 1076 "http://www.stat.ucla.edu/~frederic/qual2007/data" "Mozilla/5.0 (Windows; U; Windows NT 5.1; en-US; rv:1.8.1.7) Gecko/20070914 Firefox/2.0.0.7"
66.249.85.134 - - [20/Sep/2007:08:06:00 -0700] "GET /~frederic/qual2007/202exam.pdf HTTP/1.1" 200 102080 "http://www.stat.ucla.edu/~frederic/qual2007/" "Mozilla/5.0 (Windows; U; Windows NT 5.1; en-US; rv:1.8.1.7) Gecko/20070914 Firefox/2.0.0.7"
76.213.154.169 - - [20/Sep/2007:08:06:01 -0700] "GET /icons/back.gif HTTP/1.1" 200 216 "http://www.stat.ucla.edu/~frederic/qual2007/data/" "Mozilla/5.0 (Windows; U; Windows NT 5.1; en-US; rv:1.8.1.7) Gecko/20070914 Firefox/2.0.0.7"
76.213.154.169 - - [20/Sep/2007:08:06:01 -0700] "GET /icons/text.gif HTTP/1.1" 200 229 "http://www.stat.ucla.edu/~frederic/qual2007/data/" "Mozilla/5.0 (Windows; U; Windows NT 5.1; en-US; rv:1.8.1.7) Gecko/20070914 Firefox/2.0.0.7"
66.249.85.134 - - [20/Sep/2007:08:06:01 -0700] "GET /~frederic/qual2007/201exam.pdf HTTP/1.1" 200 60006 "http://www.stat.ucla.edu/~frederic/qual2007/" "Mozilla/5.0 (Windows; U; Windows NT 5.1; en-US; rv:1.8.1.7) Gecko/20070914 Firefox/2.0.0.7"
76.213.154.169 - - [20/Sep/2007:08:06:01 -0700] "GET /icons/blank.gif HTTP/1.1" 200 148 "http://www.stat.ucla.edu/~frederic/qual2007/data/" "Mozilla/5.0 (Windows; U; Windows NT 5.1; en-US; rv:1.8.1.7) Gecko/20070914 Firefox/2.0.0.7"
76.213.154.169 - - [20/Sep/2007:08:06:04 -0700] "GET /~frederic/qual2007/202exam.pdf HTTP/1.0" 206 69519 "-" "Mozilla/5.0 (Windows; U; Windows NT 5.1; en-US; rv:1.8.1.7) Gecko/20070914 Firefox/2.0.0.7"
144.92.66.26 - - [20/Sep/2007:08:06:04 -0700] "GET /calculators/powercalc/ HTTP/1.1" 301 333 "http://149.170.199.144/new_rd/contents/power1.htm" "Mozilla/5.0 (Macintosh; U; PPC Mac OS X Mach-O; en-US; rv:1.8.1.7) Gecko/20070914 Firefox/2.0.0.7"
198.64.155.166 - - [20/Sep/2007:08:06:10 -0700] "GET /rss/feed.php?unit=uclastat HTTP/1.1" 200 1751 "-" "Mozilla/4.0 (compatible; MSIE 5.01; Windows NT 5.0)"
134.147.154.187 - - [20/Sep/2007:08:06:10 -0700] "GET /~dinov/Dinov_Email.gif HTTP/1.1" 200 804 "http://www.socr.ucla.edu/Applets.dir/T-table.html" "Mozilla/5.0 (Windows; U; Windows NT 5.1; en-US; rv:1.8.1.7) Gecko/20070914 Firefox/2.0.0.7"
76.180.105.107 - - [20/Sep/2007:08:06:16 -0700] "GET / HTTP/1.1" 200 17226 "http://www.google.co.kr/search?complete=1&hl=ko&newwindow=1&q=California+U+of+Los+Angeles+statistics+department&lr=&aq=null" "Mozilla/4.0 (compatible; MSIE 6.0; Windows NT 5.1)"
76.180.105.107 - - [20/Sep/2007:08:06:17 -0700] "GET /index.css HTTP/1.1" 200 5869 "http://www.stat.ucla.edu/" "Mozilla/4.0 (compatible; MSIE 6.0; Windows NT 5.1)"
76.180.105.107 - - [20/Sep/2007:08:06:17 -0700] "GET /css/uclastat/site.css HTTP/1.1" 200 4822 "http://www.stat.ucla.edu/" "Mozilla/4.0 (compatible; MSIE 6.0; Windows NT 5.1)"
76.180.105.107 - - [20/Sep/2007:08:06:17 -0700] "GET /graphics/rss20.gif HTTP/1.1" 200 219 "http://www.stat.ucla.edu/" "Mozilla/4.0 (compatible; MSIE 6.0; Windows NT 5.1)"
75.84.142.45 - - [20/Sep/2007:08:06:24 -0700] "GET /~frederic/qual2007/ HTTP/1.1" 200 1363 "-" "Mozilla/5.0 (Macintosh; U; Intel Mac OS X; en-US; rv:1.8.1.7) Gecko/20070914 Firefox/2.0.0.7"
75.84.142.45 - - [20/Sep/2007:08:06:24 -0700] "GET /favicon.ico HTTP/1.1" 200 318 "-" "Mozilla/5.0 (Macintosh; U; Intel Mac OS X; en-US; rv:1.8.1.7) Gecko/20070914 Firefox/2.0.0.7"
75.84.142.45 - - [20/Sep/2007:08:06:28 -0700] "GET /~frederic/qual2007/202exam.pdf HTTP/1.1" 200 102080 "http://www.stat.ucla.edu/~frederic/qual2007/" "Mozilla/5.0 (Macintosh; U; Intel Mac OS X; en-US; rv:1.8.1.7) Gecko/20070914 Firefox/2.0.0.7"
74.6.25.230 - - [20/Sep/2007:08:06:29 -0700] "GET /cgi-bin/man-cgi?recvmsg+2 HTTP/1.0" 200 7957 "-" "Mozilla/5.0 (compatible; Yahoo! Slurp; http://help.yahoo.com/help/us/ysearch/slurp)"
74.6.23.148 - - [20/Sep/2007:08:06:30 -0700] "GET /%7Ergould/cts/seminar2005/miller.html HTTP/1.0" 200 1456 "-" "Mozilla/5.0 (compatible; Yahoo! Slurp; http://help.yahoo.com/help/us/ysearch/slurp)"
198.64.136.124 - - [20/Sep/2007:08:06:31 -0700] "GET /rss/feed.php?unit=uclastat HTTP/1.1" 200 1751 "-" "Mozilla/4.0 (compatible; MSIE 5.01; Windows NT 5.0)"
74.6.28.12 - - [20/Sep/2007:08:06:51 -0700] "GET /~liang/download/?S=A HTTP/1.0" 200 1189 "-" "Mozilla/5.0 (compatible; Yahoo! Slurp; http://help.yahoo.com/help/us/ysearch/slurp)"
116.2.73.68 - - [20/Sep/2007:08:06:52 -0700] "GET /~yuille/groupseminar/pdf/Introduction%20to%20Graph%20Cuts%20Method.pdf HTTP/1.1" 200 461134 "-" "Mozilla/4.0 (compatible; MSIE 6.0; Windows NT 5.1; SV1; Alexa Toolbar; mxie)"
220.181.19.91 - - [20/Sep/2007:08:06:59 -0700] "GET /%7Esczhu/Lotus/images/research/gen_dis_diagram.gif HTTP/1.1" 200 32768 "-" "Mozilla/4.0 (compatible; MSIE 6.0; Windows NT 5.1; SV1; .NET CLR 1.1.4322)"
71.106.208.205 - - [20/Sep/2007:08:07:12 -0700] "GET /%7Edinov/Dinov_Email.gif HTTP/1.1" 200 804 "http://www.socr.ucla.edu/htmls/SOCR_Team.html" "Mozilla/5.0 (Macintosh; U; Intel Mac OS X; en-US; rv:1.8.0.12) Gecko/20070508 Firefox/1.5.0.12"
130.76.32.182 - - [20/Sep/2007:08:07:16 -0700] "GET /~sczhu/papers/Konishi_pon_poff.pdf HTTP/1.1" 200 2197377 "http://www.google.com/search?q=orientation+without+edge+detection&hl=en&start=50&sa=N" "Mozilla/5.0 (Windows; U; Windows NT 5.1; en-US; rv:1.7.12) Gecko/20050915 Firefox/1.0.7 (CCK-Boeing)"
66.249.85.134 - - [20/Sep/2007:08:07:35 -0700] "GET /graphics/logo1_167x90.gif HTTP/1.1" 200 3442 "-" "Mozilla/5.0 (Windows; U; Windows NT 5.1; en-US; rv:1.8.1.7) Gecko/20070914 Firefox/2.0.0.7"
74.6.23.142 - - [20/Sep/2007:08:07:51 -0700] "GET /program/introstat/node18.php HTTP/1.0" 200 4136 "-" "Mozilla/5.0 (compatible; Yahoo! Slurp; http://help.yahoo.com/help/us/ysearch/slurp)"
74.6.26.13 - - [20/Sep/2007:08:08:00 -0700] "GET /datasets/view_data.php?data=36 HTTP/1.0" 200 5121 "-" "Mozilla/5.0 (compatible; Yahoo! Slurp; http://help.yahoo.com/help/us/ysearch/slurp)"
207.63.188.29 - - [20/Sep/2007:08:08:04 -0700] "GET /~bk/GW%20Home%20Run%20Mueller.jpg HTTP/1.1" 200 282558 "http://images.google.com/imgres?imgurl=http://www.stat.ucla.edu/~bk/GW%2520Home%2520Run%2520Mueller.jpg&imgrefurl=http://www.stat.ucla.edu/~bk/links.html&h=891&w=1600&sz=276&tbnid=PIho2WoOWZNkzM:&tbnh=84&tbnw=150&hl=en&prev=/images%3Fq%3Dwrigley%2Bfield%26imgsz%3Dxxlarge%26gbv%3D2%26svnum%3D10%26hl%3Den&frame=small" "Mozilla/4.0 (compatible; MSIE 7.0; Windows NT 5.1; .NET CLR 1.1.4322; .NET CLR 2.0.50727; .NET CLR 3.0.04506.30)"
207.63.188.29 - - [20/Sep/2007:08:08:05 -0700] "GET /favicon.ico HTTP/1.1" 200 318 "-" "Mozilla/4.0 (compatible; MSIE 7.0; Windows NT 5.1; .NET CLR 1.1.4322; .NET CLR 2.0.50727; .NET CLR 3.0.04506.30)"
70.18.246.126 - - [20/Sep/2007:08:08:33 -0700] "GET /~debbie/springsfashionshows/springsfashionshows.html HTTP/1.1" 200 7797 "http://images.google.com/imgres?imgurl=http://www.stat.ucla.edu/~debbie/springsfashionshows/springsfashionshows-Thumbnails/24.jpg&imgrefurl=http://www.stat.ucla.edu/~debbie/springsfashionshows/springsfashionshows.html&h=240&w=148&sz=32&tbnid=ady1YeFEdolIcM:&tbnh=110&tbnw=68&prev=/images%3Fq%3Dnicole%2Blenz%26um%3D1&start=2&sa=X&oi=images&ct=image&cd=2" "Mozilla/4.0 (compatible; MSIE 6.0; Windows NT 5.1; SV1; .NET CLR 1.1.4322)"
70.18.246.126 - - [20/Sep/2007:08:08:34 -0700] "GET /~debbie/springsfashionshows/springsfashionshows-Thumbnails/0.jpg HTTP/1.1" 200 30797 "http://www.stat.ucla.edu/~debbie/springsfashionshows/springsfashionshows.html" "Mozilla/4.0 (compatible; MSIE 6.0; Windows NT 5.1; SV1; .NET CLR 1.1.4322)"
70.18.246.126 - - [20/Sep/2007:08:08:34 -0700] "GET /~debbie/springsfashionshows/springsfashionshows-Thumbnails/1.jpg HTTP/1.1" 200 30597 "http://www.stat.ucla.edu/~debbie/springsfashionshows/springsfashionshows.html" "Mozilla/4.0 (compatible; MSIE 6.0; Windows NT 5.1; SV1; .NET CLR 1.1.4322)"
70.18.246.126 - - [20/Sep/2007:08:08:34 -0700] "GET /~debbie/springsfashionshows/springsfashionshows-Thumbnails/2.jpg HTTP/1.1" 200 31419 "http://www.stat.ucla.edu/~debbie/springsfashionshows/springsfashionshows.html" "Mozilla/4.0 (compatible; MSIE 6.0; Windows NT 5.1; SV1; .NET CLR 1.1.4322)"
70.18.246.126 - - [20/Sep/2007:08:08:34 -0700] "GET /~debbie/springsfashionshows/springsfashionshows-Thumbnails/3.jpg HTTP/1.1" 200 29872 "http://www.stat.ucla.edu/~debbie/springsfashionshows/springsfashionshows.html" "Mozilla/4.0 (compatible; MSIE 6.0; Windows NT 5.1; SV1; .NET CLR 1.1.4322)"
70.18.246.126 - - [20/Sep/2007:08:08:34 -0700] "GET /~debbie/springsfashionshows/springsfashionshows-Thumbnails/4.jpg HTTP/1.1" 200 30910 "http://www.stat.ucla.edu/~debbie/springsfashionshows/springsfashionshows.html" "Mozilla/4.0 (compatible; MSIE 6.0; Windows NT 5.1; SV1; .NET CLR 1.1.4322)"
70.18.246.126 - - [20/Sep/2007:08:08:34 -0700] "GET /~debbie/springsfashionshows/springsfashionshows-Thumbnails/5.jpg HTTP/1.1" 200 31356 "http://www.stat.ucla.edu/~debbie/springsfashionshows/springsfashionshows.html" "Mozilla/4.0 (compatible; MSIE 6.0; Windows NT 5.1; SV1; .NET CLR 1.1.4322)"
70.18.246.126 - - [20/Sep/2007:08:08:35 -0700] "GET /~debbie/springsfashionshows/springsfashionshows-Thumbnails/6.jpg HTTP/1.1" 200 28645 "http://www.stat.ucla.edu/~debbie/springsfashionshows/springsfashionshows.html" "Mozilla/4.0 (compatible; MSIE 6.0; Windows NT 5.1; SV1; .NET CLR 1.1.4322)"
70.18.246.126 - - [20/Sep/2007:08:08:35 -0700] "GET /~debbie/springsfashionshows/springsfashionshows-Thumbnails/8.jpg HTTP/1.1" 200 29096 "http://www.stat.ucla.edu/~debbie/springsfashionshows/springsfashionshows.html" "Mozilla/4.0 (compatible; MSIE 6.0; Windows NT 5.1; SV1; .NET CLR 1.1.4322)"
70.18.246.126 - - [20/Sep/2007:08:08:35 -0700] "GET /~debbie/springsfashionshows/springsfashionshows-Thumbnails/7.jpg HTTP/1.1" 200 36321 "http://www.stat.ucla.edu/~debbie/springsfashionshows/springsfashionshows.html" "Mozilla/4.0 (compatible; MSIE 6.0; Windows NT 5.1; SV1; .NET CLR 1.1.4322)"
70.18.246.126 - - [20/Sep/2007:08:08:35 -0700] "GET /~debbie/springsfashionshows/springsfashionshows-Thumbnails/9.jpg HTTP/1.1" 200 20748 "http://www.stat.ucla.edu/~debbie/springsfashionshows/springsfashionshows.html" "Mozilla/4.0 (compatible; MSIE 6.0; Windows NT 5.1; SV1; .NET CLR 1.1.4322)"
70.18.246.126 - - [20/Sep/2007:08:08:35 -0700] "GET /~debbie/springsfashionshows/springsfashionshows-Thumbnails/10.jpg HTTP/1.1" 200 23817 "http://www.stat.ucla.edu/~debbie/springsfashionshows/springsfashionshows.html" "Mozilla/4.0 (compatible; MSIE 6.0; Windows NT 5.1; SV1; .NET CLR 1.1.4322)"
70.18.246.126 - - [20/Sep/2007:08:08:35 -0700] "GET /~debbie/springsfashionshows/springsfashionshows-Thumbnails/11.jpg HTTP/1.1" 200 24031 "http://www.stat.ucla.edu/~debbie/springsfashionshows/springsfashionshows.html" "Mozilla/4.0 (compatible; MSIE 6.0; Windows NT 5.1; SV1; .NET CLR 1.1.4322)"
70.18.246.126 - - [20/Sep/2007:08:08:35 -0700] "GET /~debbie/springsfashionshows/springsfashionshows-Thumbnails/12.jpg HTTP/1.1" 200 22241 "http://www.stat.ucla.edu/~debbie/springsfashionshows/springsfashionshows.html" "Mozilla/4.0 (compatible; MSIE 6.0; Windows NT 5.1; SV1; .NET CLR 1.1.4322)"
70.18.246.126 - - [20/Sep/2007:08:08:35 -0700] "GET /~debbie/springsfashionshows/springsfashionshows-Thumbnails/13.jpg HTTP/1.1" 200 25403 "http://www.stat.ucla.edu/~debbie/springsfashionshows/springsfashionshows.html" "Mozilla/4.0 (compatible; MSIE 6.0; Windows NT 5.1; SV1; .NET CLR 1.1.4322)"
70.18.246.126 - - [20/Sep/2007:08:08:35 -0700] "GET /~debbie/springsfashionshows/springsfashionshows-Thumbnails/14.jpg HTTP/1.1" 200 28594 "http://www.stat.ucla.edu/~debbie/springsfashionshows/springsfashionshows.html" "Mozilla/4.0 (compatible; MSIE 6.0; Windows NT 5.1; SV1; .NET CLR 1.1.4322)"
70.18.246.126 - - [20/Sep/2007:08:08:36 -0700] "GET /~debbie/springsfashionshows/springsfashionshows-Thumbnails/15.jpg HTTP/1.1" 200 18625 "http://www.stat.ucla.edu/~debbie/springsfashionshows/springsfashionshows.html" "Mozilla/4.0 (compatible; MSIE 6.0; Windows NT 5.1; SV1; .NET CLR 1.1.4322)"
70.18.246.126 - - [20/Sep/2007:08:08:36 -0700] "GET /~debbie/springsfashionshows/springsfashionshows-Thumbnails/16.jpg HTTP/1.1" 200 23997 "http://www.stat.ucla.edu/~debbie/springsfashionshows/springsfashionshows.html" "Mozilla/4.0 (compatible; MSIE 6.0; Windows NT 5.1; SV1; .NET CLR 1.1.4322)"
70.18.246.126 - - [20/Sep/2007:08:08:36 -0700] "GET /~debbie/springsfashionshows/springsfashionshows-Thumbnails/17.jpg HTTP/1.1" 200 26699 "http://www.stat.ucla.edu/~debbie/springsfashionshows/springsfashionshows.html" "Mozilla/4.0 (compatible; MSIE 6.0; Windows NT 5.1; SV1; .NET CLR 1.1.4322)"
70.18.246.126 - - [20/Sep/2007:08:08:36 -0700] "GET /~debbie/springsfashionshows/springsfashionshows-Thumbnails/18.jpg HTTP/1.1" 200 26120 "http://www.stat.ucla.edu/~debbie/springsfashionshows/springsfashionshows.html" "Mozilla/4.0 (compatible; MSIE 6.0; Windows NT 5.1; SV1; .NET CLR 1.1.4322)"
70.18.246.126 - - [20/Sep/2007:08:08:36 -0700] "GET /~debbie/springsfashionshows/springsfashionshows-Thumbnails/19.jpg HTTP/1.1" 200 23176 "http://www.stat.ucla.edu/~debbie/springsfashionshows/springsfashionshows.html" "Mozilla/4.0 (compatible; MSIE 6.0; Windows NT 5.1; SV1; .NET CLR 1.1.4322)"
70.18.246.126 - - [20/Sep/2007:08:08:36 -0700] "GET /~debbie/springsfashionshows/springsfashionshows-Thumbnails/20.jpg HTTP/1.1" 200 31003 "http://www.stat.ucla.edu/~debbie/springsfashionshows/springsfashionshows.html" "Mozilla/4.0 (compatible; MSIE 6.0; Windows NT 5.1; SV1; .NET CLR 1.1.4322)"
70.18.246.126 - - [20/Sep/2007:08:08:36 -0700] "GET /~debbie/springsfashionshows/springsfashionshows-Thumbnails/22.jpg HTTP/1.1" 200 21671 "http://www.stat.ucla.edu/~debbie/springsfashionshows/springsfashionshows.html" "Mozilla/4.0 (compatible; MSIE 6.0; Windows NT 5.1; SV1; .NET CLR 1.1.4322)"
70.18.246.126 - - [20/Sep/2007:08:08:36 -0700] "GET /~debbie/springsfashionshows/springsfashionshows-Thumbnails/23.jpg HTTP/1.1" 200 23210 "http://www.stat.ucla.edu/~debbie/springsfashionshows/springsfashionshows.html" "Mozilla/4.0 (compatible; MSIE 6.0; Windows NT 5.1; SV1; .NET CLR 1.1.4322)"
70.18.246.126 - - [20/Sep/2007:08:08:36 -0700] "GET /~debbie/springsfashionshows/springsfashionshows-Thumbnails/21.jpg HTTP/1.1" 200 33420 "http://www.stat.ucla.edu/~debbie/springsfashionshows/springsfashionshows.html" "Mozilla/4.0 (compatible; MSIE 6.0; Windows NT 5.1; SV1; .NET CLR 1.1.4322)"
70.18.246.126 - - [20/Sep/2007:08:08:37 -0700] "GET /~debbie/springsfashionshows/springsfashionshows-Thumbnails/25.jpg HTTP/1.1" 200 27359 "http://www.stat.ucla.edu/~debbie/springsfashionshows/springsfashionshows.html" "Mozilla/4.0 (compatible; MSIE 6.0; Windows NT 5.1; SV1; .NET CLR 1.1.4322)"
70.18.246.126 - - [20/Sep/2007:08:08:37 -0700] "GET /~debbie/springsfashionshows/springsfashionshows-Thumbnails/24.jpg HTTP/1.1" 200 32630 "http://www.stat.ucla.edu/~debbie/springsfashionshows/springsfashionshows.html" "Mozilla/4.0 (compatible; MSIE 6.0; Windows NT 5.1; SV1; .NET CLR 1.1.4322)"
70.18.246.126 - - [20/Sep/2007:08:08:37 -0700] "GET /~debbie/springsfashionshows/springsfashionshows-Thumbnails/26.jpg HTTP/1.1" 200 25846 "http://www.stat.ucla.edu/~debbie/springsfashionshows/springsfashionshows.html" "Mozilla/4.0 (compatible; MSIE 6.0; Windows NT 5.1; SV1; .NET CLR 1.1.4322)"
70.18.246.126 - - [20/Sep/2007:08:08:37 -0700] "GET /~debbie/springsfashionshows/springsfashionshows-Thumbnails/27.jpg HTTP/1.1" 200 25990 "http://www.stat.ucla.edu/~debbie/springsfashionshows/springsfashionshows.html" "Mozilla/4.0 (compatible; MSIE 6.0; Windows NT 5.1; SV1; .NET CLR 1.1.4322)"
70.18.246.126 - - [20/Sep/2007:08:08:37 -0700] "GET /~debbie/springsfashionshows/springsfashionshows-Thumbnails/28.jpg HTTP/1.1" 200 27921 "http://www.stat.ucla.edu/~debbie/springsfashionshows/springsfashionshows.html" "Mozilla/4.0 (compatible; MSIE 6.0; Windows NT 5.1; SV1; .NET CLR 1.1.4322)"
70.18.246.126 - - [20/Sep/2007:08:08:37 -0700] "GET /~debbie/springsfashionshows/springsfashionshows-Thumbnails/29.jpg HTTP/1.1" 200 30174 "http://www.stat.ucla.edu/~debbie/springsfashionshows/springsfashionshows.html" "Mozilla/4.0 (compatible; MSIE 6.0; Windows NT 5.1; SV1; .NET CLR 1.1.4322)"
207.46.98.57 - - [20/Sep/2007:08:08:38 -0700] "GET /~yongfu/index.html HTTP/1.0" 200 6272 "-" "msnbot/1.0 (+http://search.msn.com/msnbot.htm)"
74.6.24.72 - - [20/Sep/2007:08:08:48 -0700] "GET /%7Ehqxu/photo/travel/travel-Pages/Image22.html HTTP/1.0" 200 462 "-" "Mozilla/5.0 (compatible; Yahoo! Slurp; http://help.yahoo.com/help/us/ysearch/slurp)"
207.46.98.57 - - [20/Sep/2007:08:09:07 -0700] "GET /cgi-bin/man-cgi?cupsd HTTP/1.0" 200 2372 "-" "msnbot/1.0 (+http://search.msn.com/msnbot.htm)"
220.181.19.91 - - [20/Sep/2007:08:09:16 -0700] "GET /~sczhu/Lotus/images/research/parsedimage_new.gif HTTP/1.1" 200 32768 "-" "Mozilla/4.0 (compatible; MSIE 6.0; Windows NT 5.1; SV1; .NET CLR 1.1.4322)"
74.6.27.26 - - [20/Sep/2007:08:09:19 -0700] "GET /~jasonl/vote_note.html HTTP/1.0" 200 34136 "-" "Mozilla/5.0 (compatible; Yahoo! Slurp; http://help.yahoo.com/help/us/ysearch/slurp)"
74.6.28.112 - - [20/Sep/2007:08:09:36 -0700] "GET /~frederic/222/F03/outline.php HTTP/1.0" 200 2390 "-" "Mozilla/5.0 (compatible; Yahoo! Slurp; http://help.yahoo.com/help/us/ysearch/slurp)"
164.67.132.219 - - [20/Sep/2007:08:09:44 -0700] "GET /consult/paid/ HTTP/1.0" 200 2855 "-" "gsa-crawler%20%28gsa1%2C%20contact%3A%20jhuang%40ais.ucla.edu%29 (Enterprise; S5-J4JEBZS9PUJJA; jhuang@ais.ucla.edu)"
206.80.1.253 - - [20/Sep/2007:08:09:46 -0700] "GET /robots.txt HTTP/1.1" 200 559 "-" "-"
128.97.86.248 - - [20/Sep/2007:08:09:47 -0700] "GET /frames/global.php?body=/departments/index_body.php&head=/departments/index_head.php HTTP/1.0" 200 546 "-" "-"
206.80.1.253 - - [20/Sep/2007:08:09:47 -0700] "GET /departments/ HTTP/1.1" 200 558 "-" "Mozilla/5.0 (X11; U; Linux i686; en-US; rv:1.9a1) Gecko/20070308 Minefield/3.0a1"
61.135.166.102 - - [20/Sep/2007:08:09:47 -0700] "HEAD / HTTP/1.1" 200 0 "-" "Baiduspider+(+http://www.baidu.com/search/spider.htm)"
206.80.1.253 - - [20/Sep/2007:08:09:47 -0700] "GET /departments/index_head.php HTTP/1.1" 200 526 "http://www.stat.ucla.edu/departments/" "Mozilla/5.0 (X11; U; Linux i686; en-US; rv:1.9a1) Gecko/20070308 Minefield/3.0a1"
206.80.1.253 - - [20/Sep/2007:08:09:47 -0700] "GET /style_sheets/Global.css HTTP/1.1" 200 14230 "http://www.stat.ucla.edu/departments/index_head.php" "Mozilla/5.0 (X11; U; Linux i686; en-US; rv:1.9a1) Gecko/20070308 Minefield/3.0a1"
